CRAN Package Check Results for Package iCellR

Last updated on 2021-07-31 07:50:43 CEST.

Flavor Version Tinstall Tcheck Ttotal Status Flags
r-devel-linux-x86_64-debian-clang 1.6.4 43.00 205.34 248.34 OK
r-devel-linux-x86_64-debian-gcc 1.6.4 33.55 149.41 182.96 OK
r-devel-linux-x86_64-fedora-clang 1.6.4 301.82 NOTE
r-devel-linux-x86_64-fedora-gcc 1.6.4 301.83 OK
r-devel-windows-x86_64 1.6.4 63.00 236.00 299.00 OK
r-devel-windows-x86_64-gcc10-UCRT 1.6.4 OK
r-patched-linux-x86_64 1.6.4 OK
r-patched-solaris-x86 1.6.4 381.40 OK
r-release-linux-x86_64 1.6.4 41.02 190.12 231.14 OK
r-release-macos-arm64 1.6.4 ERROR
r-release-macos-x86_64 1.6.4 ERROR
r-release-windows-ix86+x86_64 1.6.4 94.00 318.00 412.00 OK
r-oldrel-macos-x86_64 1.6.4 OK
r-oldrel-windows-ix86+x86_64 1.6.4 96.00 331.00 427.00 OK

Check Details

Version: 1.6.4
Check: package dependencies
Result: NOTE
    Imports includes 26 non-default packages.
    Importing from so many packages makes the package vulnerable to any of
    them becoming unavailable. Move as many as possible to Suggests and
    use conditionally.
Flavor: r-devel-linux-x86_64-fedora-clang

Version: 1.6.4
Check: package dependencies
Result: ERROR
    Package required but not available: ‘hdf5r’
    
    See section ‘The DESCRIPTION file’ in the ‘Writing R Extensions’
    manual.
Flavors: r-release-macos-arm64, r-release-macos-x86_64