CRAN Package Check Results for Package hydroTSM

Last updated on 2021-08-05 07:49:29 CEST.

Flavor Version Tinstall Tcheck Ttotal Status Flags
r-devel-linux-x86_64-debian-clang 0.6-0 12.92 100.46 113.38 OK
r-devel-linux-x86_64-debian-gcc 0.6-0 9.63 77.53 87.16 OK
r-devel-linux-x86_64-fedora-clang 0.6-0 144.69 NOTE
r-devel-linux-x86_64-fedora-gcc 0.6-0 142.32 OK
r-devel-windows-x86_64 0.6-0 22.00 190.00 212.00 OK
r-devel-windows-x86_64-gcc10-UCRT 0.6-0 OK
r-patched-linux-x86_64 0.6-0 14.70 97.75 112.45 OK
r-patched-solaris-x86 0.6-0 190.30 OK
r-release-linux-x86_64 0.6-0 11.64 96.91 108.55 OK
r-release-macos-arm64 0.6-0 WARN
r-release-macos-x86_64 0.6-0 OK
r-release-windows-ix86+x86_64 0.6-0 32.00 192.00 224.00 OK
r-oldrel-macos-x86_64 0.6-0 OK
r-oldrel-windows-ix86+x86_64 0.6-0 22.00 198.00 220.00 OK

Check Details

Version: 0.6-0
Check: Rd cross-references
Result: NOTE
    Undeclared package ‘rgdal’ in Rd xrefs
Flavor: r-devel-linux-x86_64-fedora-clang

Version: 0.6-0
Check: re-building of vignette outputs
Result: WARN
    Error(s) in re-building vignettes:
     ...
    --- re-building ‘hydroTSM_Vignette-knitr.Rmd’ using rmarkdown
    Warning in engine$weave(file, quiet = quiet, encoding = enc) :
     Pandoc (>= 1.12.3) not available. Falling back to R Markdown v1.
    Quitting from lines 107-119 (hydroTSM_Vignette-knitr.Rmd)
    Error: processing vignette 'hydroTSM_Vignette-knitr.Rmd' failed with diagnostics:
    polygon edge not found
    --- failed re-building ‘hydroTSM_Vignette-knitr.Rmd’
    
    SUMMARY: processing the following file failed:
     ‘hydroTSM_Vignette-knitr.Rmd’
    
    Error: Vignette re-building failed.
    Execution halted
Flavor: r-release-macos-arm64