CRAN Package Check Results for Package huxtable

Last updated on 2021-05-16 07:48:45 CEST.

Flavor Version Tinstall Tcheck Ttotal Status Flags
r-devel-linux-x86_64-debian-clang 5.3.0 12.61 187.12 199.73 ERROR
r-devel-linux-x86_64-debian-gcc 5.4.0 12.08 140.02 152.10 OK
r-devel-linux-x86_64-fedora-clang 5.4.0 246.61 NOTE
r-devel-linux-x86_64-fedora-gcc 5.4.0 263.86 NOTE
r-devel-windows-ix86+x86_64 5.3.0 29.00 219.00 248.00 ERROR
r-devel-windows-x86_64-gcc10-UCRT 5.3.0 ERROR
r-patched-linux-x86_64 5.3.0 17.33 174.55 191.88 ERROR
r-patched-solaris-x86 5.4.0 280.80 NOTE
r-release-linux-x86_64 5.4.0 15.96 180.15 196.11 OK
r-release-macos-x86_64 5.3.0 NOTE
r-release-windows-ix86+x86_64 5.4.0 25.00 188.00 213.00 OK
r-oldrel-macos-x86_64 5.4.0 NOTE
r-oldrel-windows-ix86+x86_64 5.3.0 19.00 237.00 256.00 ERROR

Check Details

Version: 5.3.0
Check: tests
Result: ERROR
     Running 'testthat.R' [46s/55s]
    Running the tests in 'tests/testthat.R' failed.
    Complete output:
     > library(testthat)
     > library(huxtable)
     >
     >
     > we_are_in_R_CMD_check <- TRUE
     > test_check("huxtable")
     # weights: 9 (4 variable)
     initial value 35.155593
     iter 10 value 23.131901
     final value 23.129234
     converged
     == Skipped tests ===============================================================
     * 0-length tables don't work in flextable yet (1)
     * Awaiting ftExtra improvements (1)
     * Couldn't unload dplyr namespace (2)
     * Not testing, code doesn't play well with R CMD check (3)
     * On CRAN (15)
    
     == Failed tests ================================================================
     -- Failure (test-markdown.R:25:3): Output produced for basic types -------------
     `to_screen(md_hux)` produced warnings.
     -- Error (test-markdown.R:28:3): Output produced for basic types ---------------
     Error: subscript out of bounds
     Backtrace:
     x
     1. +-testthat::expect_silent(to_md(md_hux)) test-markdown.R:28:2
     2. | \-testthat:::quasi_capture(enquo(object), NULL, evaluate_promise)
     3. | +-testthat:::.capture(...)
     4. | | +-withr::with_output_sink(...)
     5. | | | \-base::force(code)
     6. | | +-base::withCallingHandlers(...)
     7. | | \-base::withVisible(code)
     8. | \-rlang::eval_bare(quo_get_expr(.quo), quo_get_env(.quo))
     9. +-huxtable::to_md(md_hux)
     10. \-huxtable:::to_md.huxtable(md_hux)
     11. \-huxtable:::character_matrix(...)
    
     [ FAIL 2 | WARN 2 | SKIP 22 | PASS 1194 ]
     Error: Test failures
     Execution halted
Flavor: r-devel-linux-x86_64-debian-clang

Version: 5.4.0
Check: dependencies in R code
Result: NOTE
    Namespaces in Imports field not imported from:
     ‘R6’ ‘xml2’
     All declared Imports should be used.
Flavors: r-devel-linux-x86_64-fedora-clang, r-devel-linux-x86_64-fedora-gcc, r-patched-solaris-x86, r-oldrel-macos-x86_64

Version: 5.3.0
Check: tests
Result: ERROR
     Running 'testthat.R' [47s]
    Running the tests in 'tests/testthat.R' failed.
    Complete output:
     > library(testthat)
     > library(huxtable)
     >
     >
     > we_are_in_R_CMD_check <- TRUE
     > test_check("huxtable")
     # weights: 9 (4 variable)
     initial value 35.155593
     iter 10 value 23.131901
     final value 23.129234
     converged
     == Skipped tests ===============================================================
     * 0-length tables don't work in flextable yet (1)
     * Awaiting ftExtra improvements (1)
     * Couldn't unload dplyr namespace (2)
     * Not testing, code doesn't play well with R CMD check (3)
     * On CRAN (14)
     * On Windows (1)
     * rmarkdown::pandoc_available("2.0.0") is not TRUE (1)
    
     == Failed tests ================================================================
     -- Failure (test-markdown.R:25:3): Output produced for basic types -------------
     `to_screen(md_hux)` produced warnings.
     -- Error (test-markdown.R:28:3): Output produced for basic types ---------------
     Error: subscript out of bounds
     Backtrace:
     x
     1. +-testthat::expect_silent(to_md(md_hux)) test-markdown.R:28:2
     2. | \-testthat:::quasi_capture(enquo(object), NULL, evaluate_promise)
     3. | +-testthat:::.capture(...)
     4. | | +-withr::with_output_sink(...)
     5. | | | \-base::force(code)
     6. | | +-base::withCallingHandlers(...)
     7. | | \-base::withVisible(code)
     8. | \-rlang::eval_bare(quo_get_expr(.quo), quo_get_env(.quo))
     9. +-huxtable::to_md(md_hux)
     10. \-huxtable:::to_md.huxtable(md_hux)
     11. \-huxtable:::character_matrix(...)
    
     [ FAIL 2 | WARN 2 | SKIP 23 | PASS 1193 ]
     Error: Test failures
     Execution halted
Flavor: r-devel-windows-ix86+x86_64

Version: 5.3.0
Check: dependencies in R code
Result: NOTE
    Namespaces in Imports field not imported from:
     'R6' 'xml2'
     All declared Imports should be used.
Flavors: r-devel-windows-x86_64-gcc10-UCRT, r-release-macos-x86_64

Version: 5.3.0
Check: tests
Result: ERROR
     Running 'testthat.R'
    Running the tests in 'tests/testthat.R' failed.
    Last 13 lines of output:
     1. +-testthat::expect_silent(to_md(md_hux)) test-markdown.R:28:2
     2. | \-testthat:::quasi_capture(enquo(object), NULL, evaluate_promise)
     3. | +-testthat:::.capture(...)
     4. | | +-withr::with_output_sink(...)
     5. | | | \-base::force(code)
     6. | | +-base::withCallingHandlers(...)
     7. | | \-base::withVisible(code)
     8. | \-rlang::eval_bare(quo_get_expr(.quo), quo_get_env(.quo))
     9. +-huxtable::to_md(md_hux)
     10. \-huxtable:::to_md.huxtable(md_hux)
     11. \-huxtable:::character_matrix(...)
    
     [ FAIL 2 | WARN 2 | SKIP 22 | PASS 1194 ]
     Error: Test failures
     Execution halted
Flavor: r-devel-windows-x86_64-gcc10-UCRT

Version: 5.3.0
Check: tests
Result: ERROR
     Running ‘testthat.R’ [42s/49s]
    Running the tests in ‘tests/testthat.R’ failed.
    Complete output:
     > library(testthat)
     > library(huxtable)
     >
     >
     > we_are_in_R_CMD_check <- TRUE
     > test_check("huxtable")
     # weights: 9 (4 variable)
     initial value 35.155593
     iter 10 value 23.131901
     final value 23.129234
     converged
     ══ Skipped tests ═══════════════════════════════════════════════════════════════
     • 0-length tables don't work in flextable yet (1)
     • Awaiting ftExtra improvements (1)
     • Couldn't unload dplyr namespace (2)
     • Not testing, code doesn't play well with R CMD check (3)
     • On CRAN (15)
    
     ══ Failed tests ════════════════════════════════════════════════════════════════
     ── Failure (test-markdown.R:25:3): Output produced for basic types ─────────────
     `to_screen(md_hux)` produced warnings.
     ── Error (test-markdown.R:28:3): Output produced for basic types ───────────────
     Error: subscript out of bounds
     Backtrace:
     █
     1. ├─testthat::expect_silent(to_md(md_hux)) test-markdown.R:28:2
     2. │ └─testthat:::quasi_capture(enquo(object), NULL, evaluate_promise)
     3. │ ├─testthat:::.capture(...)
     4. │ │ ├─withr::with_output_sink(...)
     5. │ │ │ └─base::force(code)
     6. │ │ ├─base::withCallingHandlers(...)
     7. │ │ └─base::withVisible(code)
     8. │ └─rlang::eval_bare(quo_get_expr(.quo), quo_get_env(.quo))
     9. ├─huxtable::to_md(md_hux)
     10. └─huxtable:::to_md.huxtable(md_hux)
     11. └─huxtable:::character_matrix(...)
    
     [ FAIL 2 | WARN 2 | SKIP 22 | PASS 1194 ]
     Error: Test failures
     Execution halted
Flavor: r-patched-linux-x86_64

Version: 5.3.0
Check: tests
Result: ERROR
     Running 'testthat.R' [53s]
    Running the tests in 'tests/testthat.R' failed.
    Complete output:
     > library(testthat)
     > library(huxtable)
     >
     >
     > we_are_in_R_CMD_check <- TRUE
     > test_check("huxtable")
     # weights: 9 (4 variable)
     initial value 35.155593
     iter 10 value 23.131901
     final value 23.129234
     converged
     == Skipped tests ===============================================================
     * 0-length tables don't work in flextable yet (1)
     * Awaiting ftExtra improvements (1)
     * Couldn't unload dplyr namespace (2)
     * Not testing, code doesn't play well with R CMD check (3)
     * On CRAN (14)
     * On Windows (1)
     * rmarkdown::pandoc_available("2.0.0") is not TRUE (1)
    
     == Failed tests ================================================================
     -- Failure (test-markdown.R:25:3): Output produced for basic types -------------
     `to_screen(md_hux)` produced warnings.
     -- Error (test-markdown.R:28:3): Output produced for basic types ---------------
     Error: subscript out of bounds
     Backtrace:
     x
     1. +-testthat::expect_silent(to_md(md_hux)) test-markdown.R:28:2
     2. | \-testthat:::quasi_capture(enquo(object), NULL, evaluate_promise)
     3. | +-testthat:::.capture(...)
     4. | | +-withr::with_output_sink(...)
     5. | | | \-base::force(code)
     6. | | +-base::withCallingHandlers(...)
     7. | | \-base::withVisible(code)
     8. | \-rlang::eval_bare(quo_get_expr(.quo), quo_get_env(.quo))
     9. +-huxtable::to_md(md_hux)
     10. \-huxtable:::to_md.huxtable(md_hux)
     11. \-huxtable:::character_matrix(...)
    
     [ FAIL 2 | WARN 2 | SKIP 23 | PASS 1193 ]
     Error: Test failures
     Execution halted
Flavor: r-oldrel-windows-ix86+x86_64