CRAN Package Check Results for Package httpgd

Last updated on 2021-05-06 07:48:18 CEST.

Flavor Version Tinstall Tcheck Ttotal Status Flags
r-devel-linux-x86_64-debian-clang 1.1.1 148.55 35.40 183.95 OK
r-devel-linux-x86_64-debian-gcc 1.1.1 118.20 27.72 145.92 OK
r-devel-linux-x86_64-fedora-clang 1.1.1 260.18 NOTE
r-devel-linux-x86_64-fedora-gcc 1.1.1 269.74 OK
r-devel-windows-ix86+x86_64 1.1.1 264.00 104.00 368.00 NOTE
r-devel-windows-x86_64-gcc10-UCRT 1.1.1 OK
r-patched-linux-x86_64 1.1.1 142.27 34.37 176.64 OK
r-release-linux-x86_64 1.1.1 138.14 33.79 171.93 OK
r-release-macos-x86_64 1.1.1 NOTE
r-release-windows-ix86+x86_64 1.1.1 274.00 80.00 354.00 NOTE
r-oldrel-macos-x86_64 1.1.1 NOTE
r-oldrel-windows-ix86+x86_64 1.1.1 0.00 7.00 7.00 ERROR

Check Details

Version: 1.1.1
Check: installed package size
Result: NOTE
     installed size is 23.5Mb
     sub-directories of 1Mb or more:
     libs 23.2Mb
Flavors: r-devel-linux-x86_64-fedora-clang, r-devel-windows-ix86+x86_64, r-release-macos-x86_64, r-release-windows-ix86+x86_64, r-oldrel-macos-x86_64

Version: 1.1.1
Check: whether package can be installed
Result: ERROR
    Installation failed.
Flavor: r-oldrel-windows-ix86+x86_64