CRAN Package Check Results for Package httk

Last updated on 2021-05-16 07:48:45 CEST.

Flavor Version Tinstall Tcheck Ttotal Status Flags
r-devel-linux-x86_64-debian-clang 2.0.4 34.48 220.95 255.43 OK --no-vignettes
r-devel-linux-x86_64-debian-gcc 2.0.4 29.11 165.73 194.84 OK --no-vignettes
r-devel-linux-x86_64-fedora-clang 2.0.4 489.73 NOTE
r-devel-linux-x86_64-fedora-gcc 2.0.4 509.06 OK
r-devel-windows-ix86+x86_64 2.0.4 60.00 588.00 648.00 NOTE
r-devel-windows-x86_64-gcc10-UCRT 2.0.4 OK
r-patched-linux-x86_64 2.0.4 33.66 215.92 249.58 OK --no-vignettes
r-patched-solaris-x86 2.0.4 654.20 NOTE
r-release-linux-x86_64 2.0.4 36.79 209.69 246.48 OK --no-vignettes
r-release-macos-x86_64 2.0.4 NOTE
r-release-windows-ix86+x86_64 2.0.4 55.00 449.00 504.00 NOTE
r-oldrel-macos-x86_64 2.0.4 NOTE
r-oldrel-windows-ix86+x86_64 2.0.4 50.00 481.00 531.00 NOTE

Check Details

Version: 2.0.4
Check: installed package size
Result: NOTE
     installed size is 7.5Mb
     sub-directories of 1Mb or more:
     data 4.5Mb
     doc 1.5Mb
Flavors: r-devel-linux-x86_64-fedora-clang, r-devel-windows-ix86+x86_64, r-patched-solaris-x86, r-release-macos-x86_64, r-release-windows-ix86+x86_64, r-oldrel-macos-x86_64, r-oldrel-windows-ix86+x86_64