CRAN Package Check Results for Package httk

Last updated on 2021-10-20 07:49:48 CEST.

Flavor Version Tinstall Tcheck Ttotal Status Flags
r-devel-linux-x86_64-debian-clang 2.0.4 36.11 352.46 388.57 OK
r-devel-linux-x86_64-debian-gcc 2.0.4 29.01 258.48 287.49 OK
r-devel-linux-x86_64-fedora-clang 2.0.4 473.56 NOTE
r-devel-linux-x86_64-fedora-gcc 2.0.4 454.39 OK
r-devel-windows-x86_64 2.0.4 51.00 418.00 469.00 NOTE
r-devel-windows-x86_64-gcc10-UCRT 2.0.4 OK
r-patched-linux-x86_64 2.0.4 36.28 212.66 248.94 OK --no-vignettes
r-patched-solaris-x86 2.0.4 462.00 NOTE
r-release-linux-x86_64 2.0.4 32.29 214.06 246.35 OK --no-vignettes
r-release-macos-arm64 2.0.4 NOTE
r-release-macos-x86_64 2.0.4 NOTE
r-release-windows-ix86+x86_64 2.0.4 42.00 591.00 633.00 NOTE
r-oldrel-macos-x86_64 2.0.4 NOTE
r-oldrel-windows-ix86+x86_64 2.0.4 60.00 601.00 661.00 NOTE

Check Details

Version: 2.0.4
Check: installed package size
Result: NOTE
     installed size is 7.5Mb
     sub-directories of 1Mb or more:
     data 4.5Mb
     doc 1.5Mb
Flavors: r-devel-linux-x86_64-fedora-clang, r-devel-windows-x86_64, r-patched-solaris-x86, r-release-macos-arm64, r-release-macos-x86_64, r-release-windows-ix86+x86_64, r-oldrel-macos-x86_64, r-oldrel-windows-ix86+x86_64