CRAN Package Check Results for Package htmldf

Last updated on 2021-05-06 07:48:18 CEST.

Flavor Version Tinstall Tcheck Ttotal Status Flags
r-devel-linux-x86_64-debian-clang 0.2.0 10.64 97.06 107.70 NOTE
r-devel-linux-x86_64-debian-gcc 0.2.0 9.01 70.86 79.87 NOTE
r-devel-linux-x86_64-fedora-clang 0.2.0 137.37 NOTE
r-devel-linux-x86_64-fedora-gcc 0.2.0 127.45 NOTE
r-devel-windows-ix86+x86_64 0.2.0 29.00 113.00 142.00 NOTE
r-devel-windows-x86_64-gcc10-UCRT 0.2.0 NOTE
r-patched-linux-x86_64 0.2.0 10.00 91.33 101.33 NOTE
r-patched-solaris-x86 0.2.0 184.50 OK
r-release-linux-x86_64 0.2.0 10.38 87.48 97.86 OK
r-release-macos-x86_64 0.2.0 OK
r-release-windows-ix86+x86_64 0.2.0 18.00 87.00 105.00 OK
r-oldrel-macos-x86_64 0.2.0 OK
r-oldrel-windows-ix86+x86_64 0.2.0 23.00 105.00 128.00 OK

Check Details

Version: 0.2.0
Check: LazyData
Result: NOTE
     'LazyData' is specified without a 'data' directory
Flavors: r-devel-linux-x86_64-debian-clang, r-devel-linux-x86_64-debian-gcc, r-devel-linux-x86_64-fedora-clang, r-devel-linux-x86_64-fedora-gcc, r-devel-windows-ix86+x86_64, r-devel-windows-x86_64-gcc10-UCRT, r-patched-linux-x86_64