CRAN Package Check Results for Package hsstan

Last updated on 2021-07-28 07:49:24 CEST.

Flavor Version Tinstall Tcheck Ttotal Status Flags
r-devel-linux-x86_64-debian-clang 0.8 OK
r-devel-linux-x86_64-debian-gcc 0.8 392.89 115.36 508.25 OK
r-devel-linux-x86_64-fedora-clang 0.8 832.99 NOTE
r-devel-linux-x86_64-fedora-gcc 0.8 898.77 NOTE
r-devel-windows-x86_64 0.8 526.00 283.00 809.00 OK
r-devel-windows-x86_64-gcc10-UCRT 0.8 WARN
r-patched-linux-x86_64 0.8 429.84 148.74 578.58 OK
r-patched-solaris-x86 0.8 810.10 OK
r-release-linux-x86_64 0.8 402.54 148.03 550.57 OK
r-release-macos-arm64 0.8 NOTE
r-release-macos-x86_64 0.8 NOTE
r-release-windows-ix86+x86_64 0.8 1000.00 346.00 1346.00 NOTE
r-oldrel-macos-x86_64 0.8 NOTE
r-oldrel-windows-ix86+x86_64 0.8 743.00 477.00 1220.00 NOTE

Check Details

Version: 0.8
Check: installed package size
Result: NOTE
     installed size is 65.7Mb
     sub-directories of 1Mb or more:
     libs 65.2Mb
Flavors: r-devel-linux-x86_64-fedora-clang, r-release-macos-arm64, r-release-macos-x86_64, r-release-windows-ix86+x86_64, r-oldrel-macos-x86_64, r-oldrel-windows-ix86+x86_64

Version: 0.8
Check: for GNU extensions in Makefiles
Result: NOTE
    GNU make is a SystemRequirements.
Flavors: r-devel-linux-x86_64-fedora-clang, r-devel-linux-x86_64-fedora-gcc, r-devel-windows-x86_64-gcc10-UCRT, r-release-macos-arm64, r-release-macos-x86_64, r-oldrel-macos-x86_64

Version: 0.8
Check: line endings in C/C++/Fortran sources/headers
Result: NOTE
    Found the following sources/headers with CR or CRLF line endings:
     src/RcppExports.cpp
     src/stanExports_base.cc
     src/stanExports_base.h
     src/stanExports_base_logit.cc
     src/stanExports_base_logit.h
     src/stanExports_hs.cc
     src/stanExports_hs.h
     src/stanExports_hs_logit.cc
     src/stanExports_hs_logit.h
    Some Unix compilers require LF line endings.
Flavor: r-devel-windows-x86_64-gcc10-UCRT

Version: 0.8
Check: line endings in Makefiles
Result: WARN
    Found the following Makefile(s) with CR or CRLF line endings:
     src/Makevars
    Some Unix 'make' programs require LF line endings.
Flavor: r-devel-windows-x86_64-gcc10-UCRT