CRAN Package Check Results for Package hpa

Last updated on 2021-08-04 07:49:36 CEST.

Flavor Version Tinstall Tcheck Ttotal Status Flags
r-devel-linux-x86_64-debian-clang 1.2.1 226.39 36.33 262.72 OK
r-devel-linux-x86_64-debian-gcc 1.2.1 169.29 28.35 197.64 OK
r-devel-linux-x86_64-fedora-clang 1.2.1 382.92 NOTE
r-devel-linux-x86_64-fedora-gcc 1.2.1 351.74 OK
r-devel-windows-x86_64 1.2.1 189.00 78.00 267.00 OK
r-devel-windows-x86_64-gcc10-UCRT 1.2.1 OK
r-patched-linux-x86_64 1.2.1 182.33 34.99 217.32 OK
r-patched-solaris-x86 1.2.1 327.10 OK
r-release-linux-x86_64 1.2.1 194.09 34.97 229.06 OK
r-release-macos-arm64 1.2.1 NOTE
r-release-macos-x86_64 1.2.1 NOTE
r-release-windows-ix86+x86_64 1.2.1 499.00 70.00 569.00 OK
r-oldrel-macos-x86_64 1.2.1 NOTE
r-oldrel-windows-ix86+x86_64 1.2.1 366.00 94.00 460.00 OK

Check Details

Version: 1.2.1
Check: installed package size
Result: NOTE
     installed size is 14.8Mb
     sub-directories of 1Mb or more:
     libs 14.5Mb
Flavors: r-devel-linux-x86_64-fedora-clang, r-release-macos-arm64, r-release-macos-x86_64, r-oldrel-macos-x86_64