CRAN Package Check Results for Package homals

Last updated on 2021-09-24 07:49:19 CEST.

Flavor Version Tinstall Tcheck Ttotal Status Flags
r-devel-linux-x86_64-debian-clang 1.0-9 5.81 59.07 64.88 OK
r-devel-linux-x86_64-debian-gcc 1.0-9 3.91 42.78 46.69 OK
r-devel-linux-x86_64-fedora-clang 1.0-9 82.86 NOTE
r-devel-linux-x86_64-fedora-gcc 1.0-9 72.16 OK
r-devel-windows-x86_64 1.0-9 7.00 52.00 59.00 OK
r-devel-windows-x86_64-gcc10-UCRT 1.0-9 OK
r-patched-linux-x86_64 1.0-9 6.27 55.08 61.35 OK
r-patched-solaris-x86 1.0-9 92.10 OK
r-release-linux-x86_64 1.0-9 5.41 55.77 61.18 OK
r-release-macos-arm64 1.0-9 OK
r-release-macos-x86_64 1.0-9 OK
r-release-windows-ix86+x86_64 1.0-9 10.00 55.00 65.00 OK
r-oldrel-macos-x86_64 1.0-9 OK
r-oldrel-windows-ix86+x86_64 1.0-9 7.00 52.00 59.00 OK

Check Details

Version: 1.0-9
Check: Rd cross-references
Result: NOTE
    Undeclared package ‘rgl’ in Rd xrefs
Flavor: r-devel-linux-x86_64-fedora-clang