CRAN Package Check Results for Package hoardeR

Last updated on 2021-07-28 07:49:24 CEST.

Flavor Version Tinstall Tcheck Ttotal Status Flags
r-devel-linux-x86_64-debian-clang 0.9.4-2 OK
r-devel-linux-x86_64-debian-gcc 0.9.4-2 25.58 188.46 214.04 OK
r-devel-linux-x86_64-fedora-clang 0.9.4-2 339.29 NOTE
r-devel-linux-x86_64-fedora-gcc 0.9.4-2 327.05 NOTE
r-devel-windows-x86_64 0.9.4-2 41.00 285.00 326.00 OK
r-devel-windows-x86_64-gcc10-UCRT 0.9.4-2 NOTE
r-patched-linux-x86_64 0.9.4-2 26.71 239.51 266.22 OK
r-patched-solaris-x86 0.9.4-2 453.40 NOTE
r-release-linux-x86_64 0.9.4-2 26.16 237.70 263.86 OK
r-release-macos-arm64 0.9.4-2 ERROR
r-release-macos-x86_64 0.9.4-2 ERROR
r-release-windows-ix86+x86_64 0.9.4-2 63.00 205.00 268.00 OK
r-oldrel-macos-x86_64 0.9.4-2 ERROR
r-oldrel-windows-ix86+x86_64 0.9.4-2 44.00 285.00 329.00 OK

Check Details

Version: 0.9.4-2
Check: dependencies in R code
Result: NOTE
    Namespaces in Imports field not imported from:
     ‘knitr’ ‘rmarkdown’
     All declared Imports should be used.
Flavors: r-devel-linux-x86_64-fedora-clang, r-devel-linux-x86_64-fedora-gcc, r-devel-windows-x86_64-gcc10-UCRT, r-patched-solaris-x86

Version: 0.9.4-2
Check: package dependencies
Result: ERROR
    Packages required but not available:
     'bamsignals', 'GenomicRanges', 'GenomicTools.fileHandler',
     'Rsamtools'
    
    See section ‘The DESCRIPTION file’ in the ‘Writing R Extensions’
    manual.
Flavor: r-release-macos-arm64

Version: 0.9.4-2
Check: package dependencies
Result: ERROR
    Package required but not available: ‘bamsignals’
    
    See section ‘The DESCRIPTION file’ in the ‘Writing R Extensions’
    manual.
Flavors: r-release-macos-x86_64, r-oldrel-macos-x86_64