CRAN Package Check Results for Package hlaR

Last updated on 2021-06-14 07:48:38 CEST.

Flavor Version Tinstall Tcheck Ttotal Status Flags
r-devel-linux-x86_64-debian-clang 0.1.0 13.02 295.30 308.32 OK
r-devel-linux-x86_64-debian-gcc 0.1.0 10.55 211.47 222.02 OK
r-devel-linux-x86_64-fedora-clang 0.1.0 351.00 NOTE
r-devel-linux-x86_64-fedora-gcc 0.1.0 345.56 NOTE
r-devel-windows-x86_64 0.1.0 23.00 362.00 385.00 OK
r-devel-windows-x86_64-gcc10-UCRT 0.1.0 NOTE
r-patched-linux-x86_64 0.1.0 12.29 277.46 289.75 OK
r-patched-solaris-x86 0.1.0 430.10 NOTE
r-release-linux-x86_64 0.1.0 13.84 271.34 285.18 OK
r-release-macos-arm64 0.1.0 NOTE
r-release-macos-x86_64 0.1.0 NOTE
r-release-windows-ix86+x86_64 0.1.0 33.00 399.00 432.00 OK
r-oldrel-macos-x86_64 0.1.0 NOTE
r-oldrel-windows-ix86+x86_64 0.1.0 32.00 428.00 460.00 OK

Check Details

Version: 0.1.0
Check: dependencies in R code
Result: NOTE
    Namespaces in Imports field not imported from:
     ‘here’ ‘readxlsb’ ‘usethis’
     All declared Imports should be used.
Flavors: r-devel-linux-x86_64-fedora-clang, r-devel-linux-x86_64-fedora-gcc, r-devel-windows-x86_64-gcc10-UCRT, r-patched-solaris-x86, r-release-macos-arm64, r-release-macos-x86_64, r-oldrel-macos-x86_64