CRAN Package Check Results for Package hkdatasets

Last updated on 2021-06-14 07:48:38 CEST.

Flavor Version Tinstall Tcheck Ttotal Status Flags
r-devel-linux-x86_64-debian-clang 0.0.3 10.68 27.67 38.35 OK
r-devel-linux-x86_64-debian-gcc 0.0.3 11.33 22.46 33.79 OK
r-devel-linux-x86_64-fedora-clang 0.0.3 60.96 NOTE
r-devel-linux-x86_64-fedora-gcc 0.0.3 50.23 NOTE
r-devel-windows-x86_64 0.0.3 23.00 48.00 71.00 OK
r-devel-windows-x86_64-gcc10-UCRT 0.0.3 NOTE
r-patched-linux-x86_64 0.0.3 12.07 27.34 39.41 OK
r-patched-solaris-x86 0.0.3 84.40 NOTE
r-release-linux-x86_64 0.0.3 11.04 28.04 39.08 OK
r-release-macos-arm64 0.0.3 NOTE
r-release-macos-x86_64 0.0.3 NOTE
r-release-windows-ix86+x86_64 0.0.3 18.00 45.00 63.00 OK
r-oldrel-macos-x86_64 0.0.3 NOTE
r-oldrel-windows-ix86+x86_64 0.0.3 16.00 48.00 64.00 OK

Check Details

Version: 0.0.3
Check: data for non-ASCII characters
Result: NOTE
     Note: found 5002 marked UTF-8 strings
Flavors: r-devel-linux-x86_64-fedora-clang, r-devel-linux-x86_64-fedora-gcc, r-devel-windows-x86_64-gcc10-UCRT, r-patched-solaris-x86, r-release-macos-arm64, r-release-macos-x86_64, r-oldrel-macos-x86_64

Version: 0.0.3
Check: package dependencies
Result: NOTE
    Package suggested but not available for checking: ‘showtext’
Flavor: r-release-macos-arm64

Version: 0.0.3
Check: installed package size
Result: NOTE
     installed size is 5.9Mb
     sub-directories of 1Mb or more:
     data 5.6Mb
Flavor: r-release-macos-arm64