CRAN Package Check Results for Package hexSticker

Last updated on 2021-12-02 08:51:11 CET.

Flavor Version Tinstall Tcheck Ttotal Status Flags
r-devel-linux-x86_64-debian-clang 0.4.9 5.77 56.88 62.65 NOTE
r-devel-linux-x86_64-debian-gcc 0.4.9 4.64 42.34 46.98 NOTE
r-devel-linux-x86_64-fedora-clang 0.4.9 83.18 NOTE
r-devel-linux-x86_64-fedora-gcc 0.4.9 69.55 NOTE
r-devel-windows-x86_64-new-UL 0.4.9 15.00 95.00 110.00 NOTE
r-devel-windows-x86_64-new-TK 0.4.9 NOTE
r-devel-windows-x86_64-old 0.4.9 10.00 56.00 66.00 NOTE
r-patched-linux-x86_64 0.4.9 5.58 52.51 58.09 NOTE
r-patched-solaris-x86 0.4.9 107.30 NOTE
r-release-linux-x86_64 0.4.9 5.83 53.11 58.94 NOTE
r-release-macos-arm64 0.4.9 NOTE
r-release-macos-x86_64 0.4.9 NOTE
r-release-windows-ix86+x86_64 0.4.9 16.00 78.00 94.00 NOTE
r-oldrel-macos-x86_64 0.4.9 OK
r-oldrel-windows-ix86+x86_64 0.4.9 17.00 82.00 99.00 OK

Check Details

Version: 0.4.9
Check: LazyData
Result: NOTE
     'LazyData' is specified without a 'data' directory
Flavors: r-devel-linux-x86_64-debian-clang, r-devel-linux-x86_64-debian-gcc, r-devel-linux-x86_64-fedora-clang, r-devel-linux-x86_64-fedora-gcc, r-devel-windows-x86_64-new-UL, r-devel-windows-x86_64-new-TK, r-devel-windows-x86_64-old, r-patched-linux-x86_64, r-patched-solaris-x86, r-release-linux-x86_64, r-release-macos-arm64, r-release-macos-x86_64, r-release-windows-ix86+x86_64