CRAN Package Check Results for Package heatwaveR

Last updated on 2021-06-22 07:49:29 CEST.

Flavor Version Tinstall Tcheck Ttotal Status Flags
r-devel-linux-x86_64-debian-clang 0.4.5 34.44 244.71 279.15 OK
r-devel-linux-x86_64-debian-gcc 0.4.5 25.54 163.55 189.09 OK
r-devel-linux-x86_64-fedora-clang 0.4.5 299.37 OK
r-devel-linux-x86_64-fedora-gcc 0.4.5 264.50 OK
r-devel-windows-x86_64 0.4.5 46.00 167.00 213.00 OK
r-devel-windows-x86_64-gcc10-UCRT 0.4.5 WARN
r-patched-linux-x86_64 0.4.5 37.58 204.21 241.79 OK
r-patched-solaris-x86 0.4.5 286.90 OK
r-release-linux-x86_64 0.4.5 30.91 202.85 233.76 OK
r-release-macos-arm64 0.4.5 OK
r-release-macos-x86_64 0.4.5 OK
r-release-windows-ix86+x86_64 0.4.5 78.00 344.00 422.00 OK
r-oldrel-macos-x86_64 0.4.5 OK

Check Details

Version: 0.4.5
Check: package dependencies
Result: NOTE
    Packages suggested but not available for checking:
     'covr', 'ggpubr', 'rerddap'
Flavor: r-devel-windows-x86_64-gcc10-UCRT

Version: 0.4.5
Check: re-building of vignette outputs
Result: WARN
    Error(s) in re-building vignettes:
    --- re-building 'OISST_preparation.Rmd' using rmarkdown
    --- finished re-building 'OISST_preparation.Rmd'
    
    --- re-building 'complex_clims.Rmd' using rmarkdown
    
    Attaching package: 'dplyr'
    
    The following objects are masked from 'package:stats':
    
     filter, lag
    
    The following objects are masked from 'package:base':
    
     intersect, setdiff, setequal, union
    
    Quitting from lines 37-40 (complex_clims.Rmd)
    Error: processing vignette 'complex_clims.Rmd' failed with diagnostics:
    there is no package called 'ggpubr'
    --- failed re-building 'complex_clims.Rmd'
    
    --- re-building 'detection_and_visualisation.Rmd' using rmarkdown
    
    Attaching package: 'dplyr'
    
    The following objects are masked from 'package:stats':
    
     filter, lag
    
    The following objects are masked from 'package:base':
    
     intersect, setdiff, setequal, union
    
    Warning: It is deprecated to specify `guide = FALSE` to remove a guide. Please use `guide = "none"` instead.
    Warning: Removed 23 rows containing missing values (geom_flame).
    Warning: Removed 23 rows containing missing values (geom_flame).
    Warning: It is deprecated to specify `guide = FALSE` to remove a guide. Please use `guide = "none"` instead.
    --- finished re-building 'detection_and_visualisation.Rmd'
    
    --- re-building 'event_categories.Rmd' using rmarkdown
    
    Attaching package: 'dplyr'
    
    The following objects are masked from 'package:stats':
    
     filter, lag
    
    The following objects are masked from 'package:base':
    
     intersect, setdiff, setequal, union
    
    Warning: It is deprecated to specify `guide = FALSE` to remove a guide. Please use `guide = "none"` instead.
    Warning: It is deprecated to specify `guide = FALSE` to remove a guide. Please use `guide = "none"` instead.
    Warning: It is deprecated to specify `guide = FALSE` to remove a guide. Please use `guide = "none"` instead.
    Warning: It is deprecated to specify `guide = FALSE` to remove a guide. Please use `guide = "none"` instead.
    --- finished re-building 'event_categories.Rmd'
    
    --- re-building 'exceedance.Rmd' using rmarkdown
    
    Attaching package: 'dplyr'
    
    The following objects are masked from 'package:stats':
    
     filter, lag
    
    The following objects are masked from 'package:base':
    
     intersect, setdiff, setequal, union
    
    --- finished re-building 'exceedance.Rmd'
    
    --- re-building 'gridded_event_detection.Rmd' using rmarkdown
    --- finished re-building 'gridded_event_detection.Rmd'
    
    SUMMARY: processing the following file failed:
     'complex_clims.Rmd'
    
    Error: Vignette re-building failed.
    Execution halted
Flavor: r-devel-windows-x86_64-gcc10-UCRT