CRAN Package Check Results for Package hddtools

Last updated on 2021-06-24 07:50:13 CEST.

Flavor Version Tinstall Tcheck Ttotal Status Flags
r-devel-linux-x86_64-debian-clang 0.9.4 13.71 131.28 144.99 OK
r-devel-linux-x86_64-debian-gcc 0.9.4 10.30 96.65 106.95 OK
r-devel-linux-x86_64-fedora-clang 0.9.4 188.27 OK
r-devel-linux-x86_64-fedora-gcc 0.9.4 176.71 OK
r-devel-windows-x86_64 0.9.4 18.00 124.00 142.00 OK
r-devel-windows-x86_64-gcc10-UCRT 0.9.4 ERROR
r-patched-linux-x86_64 0.9.4 12.93 125.22 138.15 OK
r-patched-solaris-x86 0.9.4 247.20 OK
r-release-linux-x86_64 0.9.4 10.90 122.60 133.50 OK
r-release-macos-arm64 0.9.4 OK
r-release-macos-x86_64 0.9.4 OK
r-release-windows-ix86+x86_64 0.9.4 19.00 124.00 143.00 OK
r-oldrel-macos-x86_64 0.9.4 OK

Additional issues

noLD

Check Details

Version: 0.9.4
Check: package dependencies
Result: ERROR
    Package required but not available: 'curl'
    
    See section 'The DESCRIPTION file' in the 'Writing R Extensions'
    manual.
Flavor: r-devel-windows-x86_64-gcc10-UCRT