CRAN Package Check Results for Package hardhat

Last updated on 2021-08-04 07:49:36 CEST.

Flavor Version Tinstall Tcheck Ttotal Status Flags
r-devel-linux-x86_64-debian-clang 0.1.6 6.76 110.10 116.86 OK
r-devel-linux-x86_64-debian-gcc 0.1.6 5.34 82.09 87.43 OK
r-devel-linux-x86_64-fedora-clang 0.1.6 145.34 NOTE
r-devel-linux-x86_64-fedora-gcc 0.1.6 134.64 OK
r-devel-windows-x86_64 0.1.6 7.00 143.00 150.00 OK
r-devel-windows-x86_64-gcc10-UCRT 0.1.6 OK
r-patched-linux-x86_64 0.1.6 7.40 103.34 110.74 OK
r-patched-solaris-x86 0.1.6 178.20 OK
r-release-linux-x86_64 0.1.6 6.93 102.42 109.35 OK
r-release-macos-arm64 0.1.6 OK
r-release-macos-x86_64 0.1.6 OK
r-release-windows-ix86+x86_64 0.1.6 13.00 139.00 152.00 OK
r-oldrel-macos-x86_64 0.1.6 OK
r-oldrel-windows-ix86+x86_64 0.1.6 10.00 143.00 153.00 OK

Check Details

Version: 0.1.6
Check: Rd cross-references
Result: NOTE
    Undeclared package ‘parsnip’ in Rd xrefs
Flavor: r-devel-linux-x86_64-fedora-clang