CRAN Package Check Results for Package handlr

Last updated on 2021-05-05 07:49:00 CEST.

Flavor Version Tinstall Tcheck Ttotal Status Flags
r-devel-linux-x86_64-debian-clang 0.3.0 5.84 40.58 46.42 OK
r-devel-linux-x86_64-debian-gcc 0.3.0 4.33 31.38 35.71 OK
r-devel-linux-x86_64-fedora-clang 0.3.0 64.58 NOTE
r-devel-linux-x86_64-fedora-gcc 0.3.0 54.04 OK
r-devel-windows-ix86+x86_64 0.3.0 9.00 61.00 70.00 OK
r-devel-windows-x86_64-gcc10-UCRT 0.3.0 OK
r-patched-linux-x86_64 0.3.0 5.33 39.47 44.80 OK
r-patched-solaris-x86 0.3.0 83.30 OK
r-release-linux-x86_64 0.3.0 5.26 38.06 43.32 OK
r-release-macos-x86_64 0.3.0 OK
r-release-windows-ix86+x86_64 0.3.0 10.00 47.00 57.00 OK
r-oldrel-macos-x86_64 0.3.0 OK
r-oldrel-windows-ix86+x86_64 0.3.0 9.00 58.00 67.00 OK

Check Details

Version: 0.3.0
Check: package dependencies
Result: NOTE
    Suggests orphaned package: ‘bibtex’
Flavor: r-devel-linux-x86_64-fedora-clang