CRAN Package Check Results for Package hamlet

Last updated on 2021-05-11 07:47:51 CEST.

Flavor Version Tinstall Tcheck Ttotal Status Flags
r-devel-linux-x86_64-debian-clang 0.9.6 3.75 59.24 62.99 OK
r-devel-linux-x86_64-debian-gcc 0.9.6 3.56 44.59 48.15 OK
r-devel-linux-x86_64-fedora-clang 0.9.6 85.40 OK
r-devel-linux-x86_64-fedora-gcc 0.9.6 74.42 OK
r-devel-windows-ix86+x86_64 0.9.6 6.00 83.00 89.00 OK
r-devel-windows-x86_64-gcc10-UCRT 0.9.6 OK
r-patched-linux-x86_64 0.9.6 4.66 57.31 61.97 OK
r-patched-solaris-x86 0.9.6 99.70 OK
r-release-linux-x86_64 0.9.6 3.47 55.98 59.45 OK
r-release-macos-x86_64 0.9.6 OK
r-release-windows-ix86+x86_64 0.9.6 6.00 60.00 66.00 OK
r-oldrel-macos-x86_64 0.9.6 OK
r-oldrel-windows-ix86+x86_64 0.9.6 7.00 7.00 14.00 ERROR

Check Details

Version: 0.9.6
Check: whether package can be installed
Result: ERROR
    Installation failed.
Flavor: r-oldrel-windows-ix86+x86_64