CRAN Package Check Results for Package hBayesDM

Last updated on 2021-07-27 07:50:26 CEST.

Flavor Version Tinstall Tcheck Ttotal Status Flags
r-devel-linux-x86_64-debian-clang 1.1.1 37.75 177.26 215.01 NOTE
r-devel-linux-x86_64-debian-gcc 1.1.1 30.41 128.54 158.95 NOTE
r-devel-linux-x86_64-fedora-clang 1.1.1 267.26 NOTE
r-devel-linux-x86_64-fedora-gcc 1.1.1 252.68 NOTE
r-devel-windows-x86_64 1.1.1 62.00 209.00 271.00 NOTE
r-devel-windows-x86_64-gcc10-UCRT 1.1.1 NOTE
r-patched-linux-x86_64 1.1.1 33.95 165.77 199.72 NOTE
r-patched-solaris-x86 1.1.1 346.50 NOTE
r-release-linux-x86_64 1.1.1 29.87 165.71 195.58 NOTE
r-release-macos-arm64 1.1.1 NOTE
r-release-macos-x86_64 1.1.1 NOTE
r-release-windows-ix86+x86_64 1.1.1 73.00 186.00 259.00 NOTE
r-oldrel-macos-x86_64 1.1.1 NOTE
r-oldrel-windows-ix86+x86_64 1.1.1 54.00 253.00 307.00 NOTE

Check Details

Version: 1.1.1
Check: for GNU extensions in Makefiles
Result: NOTE
    GNU make is a SystemRequirements.
Flavors: r-devel-linux-x86_64-debian-clang, r-devel-linux-x86_64-debian-gcc, r-devel-linux-x86_64-fedora-clang, r-devel-linux-x86_64-fedora-gcc, r-devel-windows-x86_64, r-devel-windows-x86_64-gcc10-UCRT, r-patched-linux-x86_64, r-patched-solaris-x86, r-release-linux-x86_64, r-release-macos-arm64, r-release-macos-x86_64, r-release-windows-ix86+x86_64, r-oldrel-macos-x86_64, r-oldrel-windows-ix86+x86_64

Version: 1.1.1
Check: installed package size
Result: NOTE
     installed size is 5.3Mb
     sub-directories of 1Mb or more:
     R 3.1Mb
     extdata 1.2Mb
Flavor: r-release-macos-arm64