CRAN Package Check Results for Package gtfstools

Last updated on 2021-07-25 07:50:03 CEST.

Flavor Version Tinstall Tcheck Ttotal Status Flags
r-devel-linux-x86_64-debian-clang 0.1.0 3.46 63.80 67.26 NOTE
r-devel-linux-x86_64-debian-gcc 0.1.0 3.00 43.87 46.87 NOTE
r-devel-linux-x86_64-fedora-clang 0.1.0 84.97 NOTE
r-devel-linux-x86_64-fedora-gcc 0.1.0 71.33 NOTE
r-devel-windows-x86_64 0.1.0 5.00 56.00 61.00 NOTE
r-devel-windows-x86_64-gcc10-UCRT 0.1.0 NOTE
r-patched-linux-x86_64 0.1.0 3.46 53.30 56.76 NOTE
r-patched-solaris-x86 0.1.0 99.10 NOTE
r-release-linux-x86_64 0.1.0 3.81 54.58 58.39 NOTE
r-release-macos-arm64 0.1.0 NOTE
r-release-macos-x86_64 0.1.0 NOTE
r-release-windows-ix86+x86_64 0.1.0 8.00 56.00 64.00 NOTE
r-oldrel-macos-x86_64 0.1.0 OK
r-oldrel-windows-ix86+x86_64 0.1.0 8.00 77.00 85.00 OK

Check Details

Version: 0.1.0
Check: LazyData
Result: NOTE
     'LazyData' is specified without a 'data' directory
Flavors: r-devel-linux-x86_64-debian-clang, r-devel-linux-x86_64-debian-gcc, r-devel-linux-x86_64-fedora-clang, r-devel-linux-x86_64-fedora-gcc, r-devel-windows-x86_64, r-devel-windows-x86_64-gcc10-UCRT, r-patched-linux-x86_64, r-patched-solaris-x86, r-release-linux-x86_64, r-release-macos-arm64, r-release-macos-x86_64, r-release-windows-ix86+x86_64