CRAN Package Check Results for Package growfunctions

Last updated on 2021-08-02 07:51:48 CEST.

Flavor Version Tinstall Tcheck Ttotal Status Flags
r-devel-linux-x86_64-debian-clang 0.15 278.63 127.13 405.76 OK
r-devel-linux-x86_64-debian-gcc 0.15 200.81 92.79 293.60 OK
r-devel-linux-x86_64-fedora-clang 0.15 597.99 NOTE
r-devel-linux-x86_64-fedora-gcc 0.15 519.10 OK
r-devel-windows-x86_64 0.15 235.00 162.00 397.00 OK
r-devel-windows-x86_64-gcc10-UCRT 0.15 OK
r-patched-linux-x86_64 0.15 OK
r-patched-solaris-x86 0.15 433.70 OK
r-release-linux-x86_64 0.15 230.36 119.54 349.90 OK
r-release-macos-arm64 0.15 NOTE
r-release-macos-x86_64 0.15 NOTE
r-release-windows-ix86+x86_64 0.15 622.00 179.00 801.00 OK
r-oldrel-macos-x86_64 0.15 NOTE
r-oldrel-windows-ix86+x86_64 0.15 438.00 257.00 695.00 OK

Check Details

Version: 0.15
Check: installed package size
Result: NOTE
     installed size is 16.7Mb
     sub-directories of 1Mb or more:
     libs 16.2Mb
Flavors: r-devel-linux-x86_64-fedora-clang, r-release-macos-arm64, r-release-macos-x86_64, r-oldrel-macos-x86_64