CRAN Package Check Results for Package groupdata2

Last updated on 2021-09-22 07:51:18 CEST.

Flavor Version Tinstall Tcheck Ttotal Status Flags
r-devel-linux-x86_64-debian-clang 1.5.0 8.02 157.70 165.72 OK
r-devel-linux-x86_64-debian-gcc 1.5.0 6.53 116.70 123.23 OK
r-devel-linux-x86_64-fedora-clang 1.5.0 194.73 OK
r-devel-linux-x86_64-fedora-gcc 1.5.0 184.65 OK
r-devel-windows-x86_64 1.5.0 10.00 150.00 160.00 OK
r-devel-windows-x86_64-gcc10-UCRT 1.5.0 ERROR
r-patched-linux-x86_64 1.5.0 7.71 151.74 159.45 OK
r-patched-solaris-x86 1.5.0 246.10 OK
r-release-linux-x86_64 1.5.0 6.42 154.94 161.36 OK
r-release-macos-arm64 1.5.0 OK
r-release-macos-x86_64 1.5.0 OK
r-release-windows-ix86+x86_64 1.5.0 15.00 145.00 160.00 OK
r-oldrel-macos-x86_64 1.5.0 OK
r-oldrel-windows-ix86+x86_64 1.5.0 11.00 148.00 159.00 OK

Check Details

Version: 1.5.0
Check: PDF version of manual
Result: WARN
    LaTeX errors when creating PDF version.
    This typically indicates Rd problems.
Flavor: r-devel-windows-x86_64-gcc10-UCRT

Version: 1.5.0
Check: PDF version of manual without hyperrefs or index
Result: ERROR
    Re-running with no redirection of stdout/stderr.
Flavor: r-devel-windows-x86_64-gcc10-UCRT