CRAN Package Check Results for Package groupWQS

Last updated on 2021-10-25 07:50:18 CEST.

Flavor Version Tinstall Tcheck Ttotal Status Flags
r-devel-linux-x86_64-debian-clang 0.0.3 3.23 106.50 109.73 OK
r-devel-linux-x86_64-debian-gcc 0.0.3 1.95 76.95 78.90 OK
r-devel-linux-x86_64-fedora-clang 0.0.3 143.44 NOTE
r-devel-linux-x86_64-fedora-gcc 0.0.3 134.07 NOTE
r-devel-windows-x86_64 0.0.3 5.00 152.00 157.00 OK
r-devel-windows-x86_64-gcc10-UCRT 0.0.3 NOTE
r-patched-linux-x86_64 0.0.3 3.35 104.78 108.13 OK
r-patched-solaris-x86 0.0.3 66.00 NOTE
r-release-linux-x86_64 0.0.3 2.71 106.46 109.17 OK
r-release-macos-arm64 0.0.3 NOTE
r-release-macos-x86_64 0.0.3 NOTE
r-release-windows-ix86+x86_64 0.0.3 5.00 109.00 114.00 OK
r-oldrel-macos-x86_64 0.0.3 NOTE
r-oldrel-windows-ix86+x86_64 0.0.3 8.00 143.00 151.00 OK

Check Details

Version: 0.0.3
Check: dependencies in R code
Result: NOTE
    Namespaces in Imports field not imported from:
     ‘MASS’ ‘rjags’
     All declared Imports should be used.
Flavors: r-devel-linux-x86_64-fedora-clang, r-devel-linux-x86_64-fedora-gcc, r-devel-windows-x86_64-gcc10-UCRT, r-patched-solaris-x86, r-release-macos-arm64, r-release-macos-x86_64, r-oldrel-macos-x86_64