CRAN Package Check Results for Package greta

Last updated on 2021-08-04 07:49:35 CEST.

Flavor Version Tinstall Tcheck Ttotal Status Flags
r-devel-linux-x86_64-debian-clang 0.3.1 47.81 134.67 182.48 NOTE
r-devel-linux-x86_64-debian-gcc 0.3.1 37.85 101.41 139.26 NOTE
r-devel-linux-x86_64-fedora-clang 0.3.1 305.44 NOTE
r-devel-linux-x86_64-fedora-gcc 0.3.1 314.89 NOTE
r-devel-windows-x86_64 0.3.1 46.00 179.00 225.00 NOTE
r-devel-windows-x86_64-gcc10-UCRT 0.3.1 NOTE
r-patched-linux-x86_64 0.3.1 48.25 128.94 177.19 NOTE
r-patched-solaris-x86 0.3.1 272.50 NOTE
r-release-linux-x86_64 0.3.1 37.29 128.54 165.83 NOTE
r-release-macos-arm64 0.3.1 NOTE
r-release-macos-x86_64 0.3.1 NOTE
r-release-windows-ix86+x86_64 0.3.1 77.00 184.00 261.00 NOTE
r-oldrel-macos-x86_64 0.3.1 OK
r-oldrel-windows-ix86+x86_64 0.3.1 63.00 197.00 260.00 OK

Check Details

Version: 0.3.1
Check: LazyData
Result: NOTE
     'LazyData' is specified without a 'data' directory
Flavors: r-devel-linux-x86_64-debian-clang, r-devel-linux-x86_64-debian-gcc, r-devel-linux-x86_64-fedora-clang, r-devel-linux-x86_64-fedora-gcc, r-devel-windows-x86_64, r-devel-windows-x86_64-gcc10-UCRT, r-patched-linux-x86_64, r-patched-solaris-x86, r-release-linux-x86_64, r-release-macos-arm64, r-release-macos-x86_64, r-release-windows-ix86+x86_64

Version: 0.3.1
Check: dependencies in R code
Result: NOTE
    Warning: please export TSAN_OPTIONS='ignore_noninstrumented_modules=1' to avoid false positive reports from the OpenMP runtime.!
Flavor: r-devel-linux-x86_64-fedora-clang