CRAN Package Check Results for Package gppm

Last updated on 2021-07-27 07:50:26 CEST.

Flavor Version Tinstall Tcheck Ttotal Status Flags
r-devel-linux-x86_64-debian-clang 0.2.0 9.97 289.99 299.96 OK
r-devel-linux-x86_64-debian-gcc 0.2.0 7.20 201.75 208.95 OK
r-devel-linux-x86_64-fedora-clang 0.2.0 339.89 OK
r-devel-linux-x86_64-fedora-gcc 0.2.0 342.62 OK
r-devel-windows-x86_64 0.2.0 17.00 216.00 233.00 ERROR
r-devel-windows-x86_64-gcc10-UCRT 0.2.0 ERROR
r-patched-linux-x86_64 0.2.0 9.31 259.39 268.70 OK
r-patched-solaris-x86 0.2.0 343.40 OK
r-release-linux-x86_64 0.2.0 7.70 258.89 266.59 OK
r-release-macos-arm64 0.2.0 ERROR
r-release-macos-x86_64 0.2.0 OK
r-release-windows-ix86+x86_64 0.2.0 26.00 150.00 176.00 ERROR
r-oldrel-macos-x86_64 0.2.0 OK
r-oldrel-windows-ix86+x86_64 0.2.0 20.00 229.00 249.00 ERROR

Check Details

Version: 0.2.0
Check: tests
Result: ERROR
     Running 'testthat.R' [90s]
    Running the tests in 'tests/testthat.R' failed.
    Complete output:
     > Sys.setenv("R_TESTS" = "")
     > library(testthat)
     > library(gppm)
     Loading required package: Rcpp
     >
     > test_check("gppm")
     make cmd is
     make -f "D:/RCompile/recent/R/etc/x64/Makeconf" -f "D:/RCompile/recent/R/etc/x64/Makevars.site" -f "D:/RCompile/recent/R/share/make/winshlib.mk" CXX='$(CXX14) $(CXX14STD)' CXXFLAGS='$(CXX14FLAGS)' CXXPICFLAGS='$(CXX14PICFLAGS)' SHLIB_LDFLAGS='$(SHLIB_CXX14LDFLAGS)' SHLIB_LD='$(SHLIB_CXX14LD)' SHLIB="file28e4454f65a63.dll" WIN=64 TCLBIN=64 OBJECTS="file28e4454f65a63.o"
    
     make would use
     make[1]: Entering directory '/d/temp/RtmpA3EAZo'
     if test "zfile28e4454f65a63.o" != "z"; then \
     if test -e "file28e4454f65a63-win.def"; then \
     echo d:/Compiler/rtools40/mingw64/bin/g++ -shared -s -static-libgcc -o file28e4454f65a63.dll file28e4454f65a63-win.def file28e4454f65a63.o -L"d:/Compiler/gcc-4.9.3/local330/lib/x64" -L"d:/Compiler/gcc-4.9.3/local330/lib" -L"D:/RCompile/recent/R/bin/x64" -lR ; \
     d:/Compiler/rtools40/mingw64/bin/g++ -shared -s -static-libgcc -o file28e4454f65a63.dll file28e4454f65a63-win.def file28e4454f65a63.o -L"d:/Compiler/gcc-4.9.3/local330/lib/x64" -L"d:/Compiler/gcc-4.9.3/local330/lib" -L"D:/RCompile/recent/R/bin/x64" -lR ; \
     else \
     echo EXPORTS > tmp.def; \
     d:/Compiler/rtools40/mingw64/bin/nm file28e4454f65a63.o | sed -n 's/^.* [BCDRT] / /p' | sed -e '/[.]refptr[.]/d' -e '/[.]weak[.]/d' | sed 's/[^ ][^ ]*/"&"/g' >> tmp.def; \
     echo d:/Compiler/rtools40/mingw64/bin/g++ -shared -s -static-libgcc -o file28e4454f65a63.dll tmp.def file28e4454f65a63.o -L"d:/Compiler/gcc-4.9.3/local330/lib/x64" -L"d:/Compiler/gcc-4.9.3/local330/lib" -L"D:/RCompile/recent/R/bin/x64" -lR ; \
     d:/Compiler/rtools40/mingw64/bin/g++ -shared -s -static-libgcc -o file28e4454f65a63.dll tmp.def file28e4454f65a63.o -L"d:/Compiler/gcc-4.9.3/local330/lib/x64" -L"d:/Compiler/gcc-4.9.3/local330/lib" -L"D:/RCompile/recent/R/bin/x64" -lR ; \
     rm -f tmp.def; \
     fi \
     fi
     make[1]: Leaving directory '/d/temp/RtmpA3EAZo'
     Error in compileCode(f, code, language = language, verbose = verbose) :
     D:/Compiler/rtools40/mingw64/bin/../lib/gcc/x86_64-w64-mingw32/8.3.0/../../../../x86_64-w64-mingw32/bin/ld.exe: file28e4454f65a63.o:file28e4454f65a63.cpp:(.text$_ZN3tbb8internal26task_scheduler_observer_v3D1Ev[_ZN3tbb8internal26task_scheduler_observer_v3D1Ev]+0x14): undefined reference to `tbb::internal::task_scheduler_observer_v3::observe(bool)'D:/Compiler/rtools40/mingw64/bin/../lib/gcc/x86_64-w64-mingw32/8.3.0/../../../../x86_64-w64-mingw32/bin/ld.exe: file28e4454f65a63.o:file28e4454f65a63.cpp:(.text$_ZN3tbb8internal26task_scheduler_observer_v3D0Ev[_ZN3tbb8internal26task_scheduler_observer_v3D0Ev]+0x1c): undefined reference to `tbb::internal::task_scheduler_observer_v3::observe(bool)'D:/Compiler/rtools40/mingw64/bin/../lib/gcc/x86_64-w64-mingw32/8.3.0/../../../../x86_64-w64-mingw32/bin/ld.exe: file28e4454f65a63.o:file28e4454f65a63.cpp:(.text$_ZN3tbb10interface623task_scheduler_observerD0Ev[_ZN3tbb10interface623task_scheduler_observerD0Ev]+0x1c): undefined reference to `tbb:
     Calls: test_check ... <Anonymous> -> <Anonymous> -> force -> cxxfunction -> compileCode
     Error in sink(type = "output") : invalid connection
     Calls: test_check ... withVisible -> <Anonymous> -> cxxfunctionplus -> sink
     Execution halted
Flavor: r-devel-windows-x86_64

Version: 0.2.0
Check: tests
Result: ERROR
     Running 'testthat.R'
    Running the tests in 'tests/testthat.R' failed.
    Last 13 lines of output:
     g++ -shared -s -static-libgcc -o file2ca8617eff3.dll file2ca8617eff3-win.def file2ca8617eff3.o -L"/c/msys64/home/tomas/ucrt3/svn/ucrt3/r_packages/x86_64-w64-mingw32.static.posix/lib/x64" -L"/c/msys64/home/tomas/ucrt3/svn/ucrt3/r_packages/x86_64-w64-mingw32.static.posix/lib" -L"C:/msys64/home/tomas/ucrt3/svn/ucrt3/R_PACK~1/rinst/bin/x64" -lR ; \
     else \
     echo EXPORTS > tmp.def; \
     nm file2ca8617eff3.o | sed -n 's/^.* [BCDRT] / /p' | sed -e '/[.]refptr[.]/d' -e '/[.]weak[.]/d' | sed 's/[^ ][^ ]*/"&"/g' >> tmp.def; \
     echo g++ -shared -s -static-libgcc -o file2ca8617eff3.dll tmp.def file2ca8617eff3.o -L"/c/msys64/home/tomas/ucrt3/svn/ucrt3/r_packages/x86_64-w64-mingw32.static.posix/lib/x64" -L"/c/msys64/home/tomas/ucrt3/svn/ucrt3/r_packages/x86_64-w64-mingw32.static.posix/lib" -L"C:/msys64/home/tomas/ucrt3/svn/ucrt3/R_PACK~1/rinst/bin/x64" -lR ; \
     g++ -shared -s -static-libgcc -o file2ca8617eff3.dll tmp.def file2ca8617eff3.o -L"/c/msys64/home/tomas/ucrt3/svn/ucrt3/r_packages/x86_64-w64-mingw32.static.posix/lib/x64" -L"/c/msys64/home/tomas/ucrt3/svn/ucrt3/r_packages/x86_64-w64-mingw32.static.posix/lib" -L"C:/msys64/home/tomas/ucrt3/svn/ucrt3/R_PACK~1/rinst/bin/x64" -lR ; \
     rm -f tmp.def; \
     fi \
     fi
     Error in compileCode(f, code, language = language, verbose = verbose) :
     C:\msys64\home\tomas\ucrt3\svn\ucrt3\r_packages\x86_64-w64-mingw32.static.posix\bin/ld.exe: file2ca8617eff3.o:file2ca8617eff3.cpp:(.text.startup+0x84ee): undefined reference to `tbb::internal::task_scheduler_observer_v3::observe(bool)'C:\msys64\home\tomas\ucrt3\svn\ucrt3\r_packages\x86_64-w64-mingw32.static.posix\bin/ld.exe: file2ca8617eff3.o:file2ca8617eff3.cpp:(.text.startup+0x8d1a): undefined reference to `tbb::internal::task_scheduler_observer_v3::observe(bool)'C:\msys64\home\tomas\ucrt3\svn\ucrt3\r_packages\x86_64-w64-mingw32.static.posix\bin/ld.exe: file2ca8617eff3.o:file2ca8617eff3.cpp:(.text.startup+0x8d40): undefined reference to `tbb::internal::task_scheduler_observer_v3::observe(bool)'C:\msys64\home\tomas\ucrt3\svn\ucrt3\r_packages\x86_64-w64-mingw32.static.posix\bin/ld.exe: file2ca8617eff3.o:file2ca8617eff3.cpp:(.text$_ZN3tbb8internal26task_scheduler_observer_v3D0Ev[_ZN3tbb8internal26task_scheduler_observer_v3D0Ev]+0x1d): undefined reference to `tbb::internal::task
     Calls: test_check ... <Anonymous> -> <Anonymous> -> force -> cxxfunction -> compileCode
     Error in sink(type = "output") : invalid connection
     Calls: test_check ... withVisible -> <Anonymous> -> cxxfunctionplus -> sink
     Execution halted
Flavor: r-devel-windows-x86_64-gcc10-UCRT

Version: 0.2.0
Check: tests
Result: ERROR
     Running ‘testthat.R’ [22s/27s]
    Running the tests in ‘tests/testthat.R’ failed.
    Complete output:
     > Sys.setenv("R_TESTS" = "")
     > library(testthat)
     > library(gppm)
     Loading required package: Rcpp
     >
     > test_check("gppm")
Flavor: r-release-macos-arm64

Version: 0.2.0
Check: tests
Result: ERROR
     Running 'testthat.R' [57s]
    Running the tests in 'tests/testthat.R' failed.
    Complete output:
     > Sys.setenv("R_TESTS" = "")
     > library(testthat)
     > library(gppm)
     Loading required package: Rcpp
     >
     > test_check("gppm")
     make cmd is
     make -f "D:/RCompile/recent/R-41~1.0/etc/x64/Makeconf" -f "D:/RCompile/recent/R-41~1.0/etc/x64/Makevars.site" -f "D:/RCompile/recent/R-41~1.0/share/make/winshlib.mk" CXX='$(CXX14) $(CXX14STD)' CXXFLAGS='$(CXX14FLAGS)' CXXPICFLAGS='$(CXX14PICFLAGS)' SHLIB_LDFLAGS='$(SHLIB_CXX14LDFLAGS)' SHLIB_LD='$(SHLIB_CXX14LD)' SHLIB="file19c60286e5d3.dll" WIN=64 TCLBIN=64 OBJECTS="file19c60286e5d3.o"
    
     make would use
     make[1]: Entering directory '/d/temp/RtmpGADU3s'
     if test "zfile19c60286e5d3.o" != "z"; then \
     if test -e "file19c60286e5d3-win.def"; then \
     echo d:/Compiler/rtools40/mingw64/bin/g++ -shared -s -static-libgcc -o file19c60286e5d3.dll file19c60286e5d3-win.def file19c60286e5d3.o -L"d:/Compiler/gcc-4.9.3/local330/lib/x64" -L"d:/Compiler/gcc-4.9.3/local330/lib" -L"D:/RCompile/recent/R-41~1.0/bin/x64" -lR ; \
     d:/Compiler/rtools40/mingw64/bin/g++ -shared -s -static-libgcc -o file19c60286e5d3.dll file19c60286e5d3-win.def file19c60286e5d3.o -L"d:/Compiler/gcc-4.9.3/local330/lib/x64" -L"d:/Compiler/gcc-4.9.3/local330/lib" -L"D:/RCompile/recent/R-41~1.0/bin/x64" -lR ; \
     else \
     echo EXPORTS > tmp.def; \
     d:/Compiler/rtools40/mingw64/bin/nm file19c60286e5d3.o | sed -n 's/^.* [BCDRT] / /p' | sed -e '/[.]refptr[.]/d' -e '/[.]weak[.]/d' | sed 's/[^ ][^ ]*/"&"/g' >> tmp.def; \
     echo d:/Compiler/rtools40/mingw64/bin/g++ -shared -s -static-libgcc -o file19c60286e5d3.dll tmp.def file19c60286e5d3.o -L"d:/Compiler/gcc-4.9.3/local330/lib/x64" -L"d:/Compiler/gcc-4.9.3/local330/lib" -L"D:/RCompile/recent/R-41~1.0/bin/x64" -lR ; \
     d:/Compiler/rtools40/mingw64/bin/g++ -shared -s -static-libgcc -o file19c60286e5d3.dll tmp.def file19c60286e5d3.o -L"d:/Compiler/gcc-4.9.3/local330/lib/x64" -L"d:/Compiler/gcc-4.9.3/local330/lib" -L"D:/RCompile/recent/R-41~1.0/bin/x64" -lR ; \
     rm -f tmp.def; \
     fi \
     fi
     make[1]: Leaving directory '/d/temp/RtmpGADU3s'
     Error in compileCode(f, code, language = language, verbose = verbose) :
     D:/Compiler/rtools40/mingw64/bin/../lib/gcc/x86_64-w64-mingw32/8.3.0/../../../../x86_64-w64-mingw32/bin/ld.exe: file19c60286e5d3.o:file19c60286e5d3.cpp:(.text$_ZN3tbb8internal26task_scheduler_observer_v3D1Ev[_ZN3tbb8internal26task_scheduler_observer_v3D1Ev]+0x14): undefined reference to `tbb::internal::task_scheduler_observer_v3::observe(bool)'D:/Compiler/rtools40/mingw64/bin/../lib/gcc/x86_64-w64-mingw32/8.3.0/../../../../x86_64-w64-mingw32/bin/ld.exe: file19c60286e5d3.o:file19c60286e5d3.cpp:(.text$_ZN3tbb8internal26task_scheduler_observer_v3D0Ev[_ZN3tbb8internal26task_scheduler_observer_v3D0Ev]+0x1c): undefined reference to `tbb::internal::task_scheduler_observer_v3::observe(bool)'D:/Compiler/rtools40/mingw64/bin/../lib/gcc/x86_64-w64-mingw32/8.3.0/../../../../x86_64-w64-mingw32/bin/ld.exe: file19c60286e5d3.o:file19c60286e5d3.cpp:(.text$_ZN3tbb10interface623task_scheduler_observerD0Ev[_ZN3tbb10interface623task_scheduler_observerD0Ev]+0x1c): undefined reference to `tbb::inter
     Calls: test_check ... <Anonymous> -> <Anonymous> -> force -> cxxfunction -> compileCode
     Error in sink(type = "output") : invalid connection
     Calls: test_check ... withVisible -> <Anonymous> -> cxxfunctionplus -> sink
     Execution halted
Flavor: r-release-windows-ix86+x86_64

Version: 0.2.0
Check: tests
Result: ERROR
     Running 'testthat.R' [105s]
    Running the tests in 'tests/testthat.R' failed.
    Complete output:
     > Sys.setenv("R_TESTS" = "")
     > library(testthat)
     > library(gppm)
     Loading required package: Rcpp
     >
     > test_check("gppm")
     make cmd is
     make -f "D:/RCompile/recent/R-40~1.5/etc/x64/Makeconf" -f "D:/RCompile/recent/R-40~1.5/etc/x64/Makevars.site" -f "D:/RCompile/recent/R-40~1.5/share/make/winshlib.mk" CXX='$(CXX14) $(CXX14STD)' CXXFLAGS='$(CXX14FLAGS)' CXXPICFLAGS='$(CXX14PICFLAGS)' SHLIB_LDFLAGS='$(SHLIB_CXX14LDFLAGS)' SHLIB_LD='$(SHLIB_CXX14LD)' SHLIB="file1ba012ef3e5f.dll" WIN=64 TCLBIN=64 OBJECTS="file1ba012ef3e5f.o"
    
     make would use
     make[1]: Entering directory '/d/temp/RtmpsJPet3'
     if test "zfile1ba012ef3e5f.o" != "z"; then \
     if test -e "file1ba012ef3e5f-win.def"; then \
     echo d:/Compiler/rtools40/mingw64/bin/g++ -shared -s -static-libgcc -o file1ba012ef3e5f.dll file1ba012ef3e5f-win.def file1ba012ef3e5f.o -L"d:/Compiler/gcc-4.9.3/local330/lib/x64" -L"d:/Compiler/gcc-4.9.3/local330/lib" -L"D:/RCompile/recent/R-40~1.5/bin/x64" -lR ; \
     d:/Compiler/rtools40/mingw64/bin/g++ -shared -s -static-libgcc -o file1ba012ef3e5f.dll file1ba012ef3e5f-win.def file1ba012ef3e5f.o -L"d:/Compiler/gcc-4.9.3/local330/lib/x64" -L"d:/Compiler/gcc-4.9.3/local330/lib" -L"D:/RCompile/recent/R-40~1.5/bin/x64" -lR ; \
     else \
     echo EXPORTS > tmp.def; \
     d:/Compiler/rtools40/mingw64/bin/nm file1ba012ef3e5f.o | sed -n 's/^.* [BCDRT] / /p' | sed -e '/[.]refptr[.]/d' -e '/[.]weak[.]/d' | sed 's/[^ ][^ ]*/"&"/g' >> tmp.def; \
     echo d:/Compiler/rtools40/mingw64/bin/g++ -shared -s -static-libgcc -o file1ba012ef3e5f.dll tmp.def file1ba012ef3e5f.o -L"d:/Compiler/gcc-4.9.3/local330/lib/x64" -L"d:/Compiler/gcc-4.9.3/local330/lib" -L"D:/RCompile/recent/R-40~1.5/bin/x64" -lR ; \
     d:/Compiler/rtools40/mingw64/bin/g++ -shared -s -static-libgcc -o file1ba012ef3e5f.dll tmp.def file1ba012ef3e5f.o -L"d:/Compiler/gcc-4.9.3/local330/lib/x64" -L"d:/Compiler/gcc-4.9.3/local330/lib" -L"D:/RCompile/recent/R-40~1.5/bin/x64" -lR ; \
     rm -f tmp.def; \
     fi \
     fi
     make[1]: Leaving directory '/d/temp/RtmpsJPet3'
     Error in compileCode(f, code, language = language, verbose = verbose) :
     D:/Compiler/rtools40/mingw64/bin/../lib/gcc/x86_64-w64-mingw32/8.3.0/../../../../x86_64-w64-mingw32/bin/ld.exe: file1ba012ef3e5f.o:file1ba012ef3e5f.cpp:(.text$_ZN3tbb8internal26task_scheduler_observer_v3D1Ev[_ZN3tbb8internal26task_scheduler_observer_v3D1Ev]+0x14): undefined reference to `tbb::internal::task_scheduler_observer_v3::observe(bool)'D:/Compiler/rtools40/mingw64/bin/../lib/gcc/x86_64-w64-mingw32/8.3.0/../../../../x86_64-w64-mingw32/bin/ld.exe: file1ba012ef3e5f.o:file1ba012ef3e5f.cpp:(.text$_ZN3tbb8internal26task_scheduler_observer_v3D0Ev[_ZN3tbb8internal26task_scheduler_observer_v3D0Ev]+0x1c): undefined reference to `tbb::internal::task_scheduler_observer_v3::observe(bool)'D:/Compiler/rtools40/mingw64/bin/../lib/gcc/x86_64-w64-mingw32/8.3.0/../../../../x86_64-w64-mingw32/bin/ld.exe: file1ba012ef3e5f.o:file1ba012ef3e5f.cpp:(.text$_ZN3tbb10interface623task_scheduler_observerD0Ev[_ZN3tbb10interface623task_scheduler_observerD0Ev]+0x1c): undefined reference to `tbb::inte
     Calls: test_check ... <Anonymous> -> <Anonymous> -> force -> cxxfunction -> compileCode
     Error in sink(type = "output") : invalid connection
     Calls: test_check ... eval -> eval -> <Anonymous> -> cxxfunctionplus -> sink
     Execution halted
Flavor: r-oldrel-windows-ix86+x86_64