CRAN Package Check Results for Package gplm

Last updated on 2021-10-25 07:50:18 CEST.

Flavor Version Tinstall Tcheck Ttotal Status Flags
r-devel-linux-x86_64-debian-clang 0.7-4 11.15 101.93 113.08 OK
r-devel-linux-x86_64-debian-gcc 0.7-4 10.25 79.03 89.28 OK
r-devel-linux-x86_64-fedora-clang 0.7-4 149.69 NOTE
r-devel-linux-x86_64-fedora-gcc 0.7-4 138.20 NOTE
r-devel-windows-x86_64 0.7-4 18.00 104.00 122.00 OK
r-devel-windows-x86_64-gcc10-UCRT 0.7-4 OK
r-patched-linux-x86_64 0.7-4 12.89 98.78 111.67 OK
r-patched-solaris-x86 0.7-4 203.70 OK
r-release-linux-x86_64 0.7-4 12.33 98.28 110.61 OK
r-release-macos-arm64 0.7-4 OK
r-release-macos-x86_64 0.7-4 OK
r-release-windows-ix86+x86_64 0.7-4 21.00 171.00 192.00 OK
r-oldrel-macos-x86_64 0.7-4 OK
r-oldrel-windows-ix86+x86_64 0.7-4 31.00 184.00 215.00 OK

Check Details

Version: 0.7-4
Check: compiled code
Result: NOTE
    File ‘gplm/libs/gplm.so’:
     Found no calls to: ‘R_registerRoutines’, ‘R_useDynamicSymbols’
    
    It is good practice to register native routines and to disable symbol
    search.
    
    See ‘Writing portable packages’ in the ‘Writing R Extensions’ manual.
Flavors: r-devel-linux-x86_64-fedora-clang, r-devel-linux-x86_64-fedora-gcc