CRAN Package Check Results for Package gmp

Last updated on 2022-01-29 07:53:17 CET.

Flavor Version Tinstall Tcheck Ttotal Status Flags
r-devel-linux-x86_64-debian-clang 0.6-2.1 28.64 52.69 81.33 OK
r-devel-linux-x86_64-debian-gcc 0.6-2.1 20.95 40.85 61.80 OK
r-devel-linux-x86_64-fedora-clang 0.6-2.1 114.38 NOTE
r-devel-linux-x86_64-fedora-gcc 0.6-2.1 91.75 OK
r-devel-windows-x86_64-new-UL 0.6-2.1 88.00 95.00 183.00 OK
r-devel-windows-x86_64-new-TK 0.6-2.1 OK
r-patched-linux-x86_64 0.6-2.1 OK
r-release-linux-x86_64 0.6-2.1 24.55 49.39 73.94 OK
r-release-macos-arm64 0.6-2.1 OK
r-release-macos-x86_64 0.6-2.1 OK
r-release-windows-ix86+x86_64 0.6-2.1 68.00 100.00 168.00 OK
r-oldrel-macos-x86_64 0.6-2.1 OK
r-oldrel-windows-ix86+x86_64 0.6-2.1 66.00 98.00 164.00 OK

Check Details

Version: 0.6-2.1
Check: Rd cross-references
Result: NOTE
    Undeclared package ‘sfsmisc’ in Rd xrefs
Flavor: r-devel-linux-x86_64-fedora-clang