CRAN Package Check Results for Package gmp

Last updated on 2021-08-04 07:49:35 CEST.

Flavor Version Tinstall Tcheck Ttotal Status Flags
r-devel-linux-x86_64-debian-clang 0.6-2 30.05 44.19 74.24 OK
r-devel-linux-x86_64-debian-gcc 0.6-2 19.84 35.08 54.92 OK
r-devel-linux-x86_64-fedora-clang 0.6-2 109.37 NOTE
r-devel-linux-x86_64-fedora-gcc 0.6-2 89.72 OK
r-devel-windows-x86_64 0.6-2 31.00 72.00 103.00 OK
r-devel-windows-x86_64-gcc10-UCRT 0.6-2 OK
r-patched-linux-x86_64 0.6-2 26.74 43.23 69.97 OK
r-patched-solaris-x86 0.6-2 129.20 OK
r-release-linux-x86_64 0.6-2 23.52 43.43 66.95 OK
r-release-macos-arm64 0.6-2 OK
r-release-macos-x86_64 0.6-2 OK
r-release-windows-ix86+x86_64 0.6-2 71.00 74.00 145.00 OK
r-oldrel-macos-x86_64 0.6-2 OK
r-oldrel-windows-ix86+x86_64 0.6-2 59.00 95.00 154.00 OK

Check Details

Version: 0.6-2
Check: Rd cross-references
Result: NOTE
    Undeclared package ‘sfsmisc’ in Rd xrefs
Flavor: r-devel-linux-x86_64-fedora-clang