CRAN Package Check Results for Package glmdisc

Last updated on 2021-05-05 07:48:59 CEST.

Flavor Version Tinstall Tcheck Ttotal Status Flags
r-devel-linux-x86_64-debian-clang 0.6 39.08 436.43 475.51 NOTE
r-devel-linux-x86_64-debian-gcc 0.6 30.98 305.46 336.44 NOTE
r-devel-linux-x86_64-fedora-clang 0.6 569.19 NOTE
r-devel-linux-x86_64-fedora-gcc 0.6 576.51 NOTE
r-devel-windows-ix86+x86_64 0.6 106.00 742.00 848.00 NOTE
r-devel-windows-x86_64-gcc10-UCRT 0.6 NOTE
r-patched-linux-x86_64 0.6 37.19 414.72 451.91 NOTE
r-patched-solaris-x86 0.6 745.10 OK
r-release-linux-x86_64 0.6 36.84 415.70 452.54 OK
r-release-macos-x86_64 0.6 OK
r-release-windows-ix86+x86_64 0.6 79.00 570.00 649.00 OK
r-oldrel-macos-x86_64 0.6 OK
r-oldrel-windows-ix86+x86_64 0.6 91.00 708.00 799.00 OK

Check Details

Version: 0.6
Check: LazyData
Result: NOTE
     'LazyData' is specified without a 'data' directory
Flavors: r-devel-linux-x86_64-debian-clang, r-devel-linux-x86_64-debian-gcc, r-devel-linux-x86_64-fedora-clang, r-devel-linux-x86_64-fedora-gcc, r-devel-windows-ix86+x86_64, r-devel-windows-x86_64-gcc10-UCRT, r-patched-linux-x86_64