CRAN Package Check Results for Package glmdisc

Last updated on 2021-10-20 07:49:47 CEST.

Flavor Version Tinstall Tcheck Ttotal Status Flags
r-devel-linux-x86_64-debian-clang 0.6 38.04 439.16 477.20 NOTE
r-devel-linux-x86_64-debian-gcc 0.6 30.64 312.05 342.69 NOTE
r-devel-linux-x86_64-fedora-clang 0.6 571.82 NOTE
r-devel-linux-x86_64-fedora-gcc 0.6 557.54 NOTE
r-devel-windows-x86_64 0.6 62.00 536.00 598.00 NOTE
r-devel-windows-x86_64-gcc10-UCRT 0.6 NOTE
r-patched-linux-x86_64 0.6 37.91 411.93 449.84 NOTE
r-patched-solaris-x86 0.6 479.00 NOTE
r-release-linux-x86_64 0.6 33.04 420.51 453.55 NOTE
r-release-macos-arm64 0.6 NOTE
r-release-macos-x86_64 0.6 NOTE
r-release-windows-ix86+x86_64 0.6 110.00 744.00 854.00 NOTE
r-oldrel-macos-x86_64 0.6 OK
r-oldrel-windows-ix86+x86_64 0.6 107.00 761.00 868.00 OK

Check Details

Version: 0.6
Check: LazyData
Result: NOTE
     'LazyData' is specified without a 'data' directory
Flavors: r-devel-linux-x86_64-debian-clang, r-devel-linux-x86_64-debian-gcc, r-devel-linux-x86_64-fedora-clang, r-devel-linux-x86_64-fedora-gcc, r-devel-windows-x86_64, r-devel-windows-x86_64-gcc10-UCRT, r-patched-linux-x86_64, r-patched-solaris-x86, r-release-linux-x86_64, r-release-macos-arm64, r-release-macos-x86_64, r-release-windows-ix86+x86_64