CRAN Package Check Results for Package glancedata

Last updated on 2021-06-14 07:48:38 CEST.

Flavor Version Tinstall Tcheck Ttotal Status Flags
r-devel-linux-x86_64-debian-clang 1.0.1 5.92 74.41 80.33 NOTE
r-devel-linux-x86_64-debian-gcc 1.0.1 4.50 55.30 59.80 NOTE
r-devel-linux-x86_64-fedora-clang 1.0.1 102.07 NOTE
r-devel-linux-x86_64-fedora-gcc 1.0.1 90.99 NOTE
r-devel-windows-x86_64 1.0.1 11.00 97.00 108.00 NOTE
r-devel-windows-x86_64-gcc10-UCRT 1.0.1 NOTE
r-patched-linux-x86_64 1.0.1 5.71 69.09 74.80 NOTE
r-patched-solaris-x86 1.0.1 136.50 NOTE
r-release-linux-x86_64 1.0.1 3.65 69.50 73.15 NOTE
r-release-macos-arm64 1.0.1 NOTE
r-release-macos-x86_64 1.0.1 NOTE
r-release-windows-ix86+x86_64 1.0.1 17.00 95.00 112.00 NOTE
r-oldrel-macos-x86_64 1.0.1 OK
r-oldrel-windows-ix86+x86_64 1.0.1 16.00 97.00 113.00 OK

Check Details

Version: 1.0.1
Check: LazyData
Result: NOTE
     'LazyData' is specified without a 'data' directory
Flavors: r-devel-linux-x86_64-debian-clang, r-devel-linux-x86_64-debian-gcc, r-devel-linux-x86_64-fedora-clang, r-devel-linux-x86_64-fedora-gcc, r-devel-windows-x86_64, r-devel-windows-x86_64-gcc10-UCRT, r-patched-linux-x86_64, r-patched-solaris-x86, r-release-linux-x86_64, r-release-macos-arm64, r-release-macos-x86_64, r-release-windows-ix86+x86_64