CRAN Package Check Results for Package gh

Last updated on 2021-06-22 07:49:28 CEST.

Flavor Version Tinstall Tcheck Ttotal Status Flags
r-devel-linux-x86_64-debian-clang 1.3.0 4.18 33.95 38.13 OK
r-devel-linux-x86_64-debian-gcc 1.3.0 3.46 26.88 30.34 OK
r-devel-linux-x86_64-fedora-clang 1.3.0 55.66 OK
r-devel-linux-x86_64-fedora-gcc 1.3.0 45.67 OK
r-devel-windows-x86_64 1.3.0 6.00 45.00 51.00 OK
r-devel-windows-x86_64-gcc10-UCRT 1.3.0 ERROR
r-patched-linux-x86_64 1.3.0 3.62 33.44 37.06 OK
r-patched-solaris-x86 1.3.0 66.40 OK
r-release-linux-x86_64 1.3.0 3.50 33.51 37.01 OK
r-release-macos-arm64 1.3.0 OK
r-release-macos-x86_64 1.3.0 OK
r-release-windows-ix86+x86_64 1.3.0 8.00 55.00 63.00 OK
r-oldrel-macos-x86_64 1.3.0 OK

Check Details

Version: 1.3.0
Check: package dependencies
Result: ERROR
    Package required but not available: 'httr'
    
    Package suggested but not available for checking: 'covr'
    
    See section 'The DESCRIPTION file' in the 'Writing R Extensions'
    manual.
Flavor: r-devel-windows-x86_64-gcc10-UCRT