CRAN Package Check Results for Package ggvoronoi

Last updated on 2021-07-28 07:49:22 CEST.

Flavor Version Tinstall Tcheck Ttotal Status Flags
r-devel-linux-x86_64-debian-clang 0.8.4 OK
r-devel-linux-x86_64-debian-gcc 0.8.4 13.72 124.79 138.51 OK
r-devel-linux-x86_64-fedora-clang 0.8.4 229.06 OK
r-devel-linux-x86_64-fedora-gcc 0.8.4 215.98 OK
r-devel-windows-x86_64 0.8.4 27.00 202.00 229.00 OK
r-devel-windows-x86_64-gcc10-UCRT 0.8.4 OK
r-patched-linux-x86_64 0.8.4 14.54 156.48 171.02 OK
r-patched-solaris-x86 0.8.4 304.30 OK
r-release-linux-x86_64 0.8.4 14.94 157.44 172.38 OK
r-release-macos-arm64 0.8.4 WARN
r-release-macos-x86_64 0.8.4 OK
r-release-windows-ix86+x86_64 0.8.4 34.00 148.00 182.00 OK
r-oldrel-macos-x86_64 0.8.4 OK
r-oldrel-windows-ix86+x86_64 0.8.4 25.00 202.00 227.00 OK

Check Details

Version: 0.8.4
Check: re-building of vignette outputs
Result: WARN
    Error(s) in re-building vignettes:
     ...
    --- re-building ‘ggvoronoi.Rmd’ using rmarkdown
    Warning in engine$weave(file, quiet = quiet, encoding = enc) :
     Pandoc (>= 1.12.3) not available. Falling back to R Markdown v1.
    Quitting from lines 35-48 (ggvoronoi.Rmd)
    Error: processing vignette 'ggvoronoi.Rmd' failed with diagnostics:
    polygon edge not found
    --- failed re-building ‘ggvoronoi.Rmd’
    
    SUMMARY: processing the following file failed:
     ‘ggvoronoi.Rmd’
    
    Error: Vignette re-building failed.
    Execution halted
Flavor: r-release-macos-arm64