CRAN Package Check Results for Package ggspectra

Last updated on 2021-06-22 07:49:28 CEST.

Flavor Version Tinstall Tcheck Ttotal Status Flags
r-devel-linux-x86_64-debian-clang 0.3.7 14.33 255.09 269.42 NOTE
r-devel-linux-x86_64-debian-gcc 0.3.7 11.47 177.87 189.34 NOTE
r-devel-linux-x86_64-fedora-clang 0.3.7 303.68 NOTE
r-devel-linux-x86_64-fedora-gcc 0.3.7 298.57 NOTE
r-devel-windows-x86_64 0.3.7 20.00 209.00 229.00 NOTE
r-devel-windows-x86_64-gcc10-UCRT 0.3.7 NOTE
r-patched-linux-x86_64 0.3.7 17.27 229.83 247.10 NOTE
r-patched-solaris-x86 0.3.7 362.90 NOTE
r-release-linux-x86_64 0.3.7 12.77 231.08 243.85 NOTE
r-release-macos-arm64 0.3.7 NOTE
r-release-macos-x86_64 0.3.7 NOTE
r-release-windows-ix86+x86_64 0.3.7 25.00 327.00 352.00 NOTE
r-oldrel-macos-x86_64 0.3.7 NOTE

Check Details

Version: 0.3.7
Check: LazyData
Result: NOTE
     'LazyData' is specified without a 'data' directory
Flavors: r-devel-linux-x86_64-debian-clang, r-devel-linux-x86_64-debian-gcc, r-devel-linux-x86_64-fedora-clang, r-devel-linux-x86_64-fedora-gcc, r-devel-windows-x86_64, r-devel-windows-x86_64-gcc10-UCRT, r-patched-linux-x86_64, r-patched-solaris-x86, r-release-linux-x86_64, r-release-macos-arm64, r-release-macos-x86_64, r-release-windows-ix86+x86_64

Version: 0.3.7
Check: dependencies in R code
Result: NOTE
    Namespaces in Imports field not imported from:
     ‘dplyr’ ‘tibble’
     All declared Imports should be used.
Flavors: r-devel-linux-x86_64-fedora-clang, r-devel-linux-x86_64-fedora-gcc, r-devel-windows-x86_64-gcc10-UCRT, r-patched-solaris-x86, r-release-macos-arm64, r-release-macos-x86_64, r-oldrel-macos-x86_64