CRAN Package Check Results for Package ggsolvencyii

Last updated on 2021-09-21 07:50:09 CEST.

Flavor Version Tinstall Tcheck Ttotal Status Flags
r-devel-linux-x86_64-debian-clang 0.1.2 6.89 140.12 147.01 OK
r-devel-linux-x86_64-debian-gcc 0.1.2 4.99 101.40 106.39 OK
r-devel-linux-x86_64-fedora-clang 0.1.2 177.35 OK
r-devel-linux-x86_64-fedora-gcc 0.1.2 165.21 OK
r-devel-windows-x86_64 0.1.2 10.00 127.00 137.00 OK
r-devel-windows-x86_64-gcc10-UCRT 0.1.2 ERROR
r-patched-linux-x86_64 0.1.2 7.30 134.25 141.55 OK
r-patched-solaris-x86 0.1.2 220.70 OK
r-release-linux-x86_64 0.1.2 4.72 133.07 137.79 OK
r-release-macos-arm64 0.1.2 OK
r-release-macos-x86_64 0.1.2 OK
r-release-windows-ix86+x86_64 0.1.2 16.00 128.00 144.00 OK
r-oldrel-macos-x86_64 0.1.2 OK
r-oldrel-windows-ix86+x86_64 0.1.2 17.00 157.00 174.00 OK

Check Details

Version: 0.1.2
Check: whether package can be installed
Result: WARN
    Found the following significant warnings:
     WARNING: installation-time patches will not be applied, could not get the patches index
Flavor: r-devel-windows-x86_64-gcc10-UCRT

Version: 0.1.2
Check: PDF version of manual
Result: WARN
    LaTeX errors when creating PDF version.
    This typically indicates Rd problems.
Flavor: r-devel-windows-x86_64-gcc10-UCRT

Version: 0.1.2
Check: PDF version of manual without hyperrefs or index
Result: ERROR
    Re-running with no redirection of stdout/stderr.
Flavor: r-devel-windows-x86_64-gcc10-UCRT