CRAN Package Check Results for Package ggpval

Last updated on 2021-08-04 07:49:35 CEST.

Flavor Version Tinstall Tcheck Ttotal Status Flags
r-devel-linux-x86_64-debian-clang 0.2.4 3.99 59.95 63.94 NOTE
r-devel-linux-x86_64-debian-gcc 0.2.4 3.70 44.31 48.01 NOTE
r-devel-linux-x86_64-fedora-clang 0.2.4 86.12 NOTE
r-devel-linux-x86_64-fedora-gcc 0.2.4 73.38 NOTE
r-devel-windows-x86_64 0.2.4 7.00 80.00 87.00 NOTE
r-devel-windows-x86_64-gcc10-UCRT 0.2.4 NOTE
r-patched-linux-x86_64 0.2.4 4.14 57.02 61.16 NOTE
r-patched-solaris-x86 0.2.4 105.00 NOTE
r-release-linux-x86_64 0.2.4 4.53 55.49 60.02 NOTE
r-release-macos-arm64 0.2.4 WARN
r-release-macos-x86_64 0.2.4 NOTE
r-release-windows-ix86+x86_64 0.2.4 13.00 79.00 92.00 NOTE
r-oldrel-macos-x86_64 0.2.4 OK
r-oldrel-windows-ix86+x86_64 0.2.4 12.00 78.00 90.00 OK

Check Details

Version: 0.2.4
Check: LazyData
Result: NOTE
     'LazyData' is specified without a 'data' directory
Flavors: r-devel-linux-x86_64-debian-clang, r-devel-linux-x86_64-debian-gcc, r-devel-linux-x86_64-fedora-clang, r-devel-linux-x86_64-fedora-gcc, r-devel-windows-x86_64, r-devel-windows-x86_64-gcc10-UCRT, r-patched-linux-x86_64, r-patched-solaris-x86, r-release-linux-x86_64, r-release-macos-arm64, r-release-macos-x86_64, r-release-windows-ix86+x86_64

Version: 0.2.4
Check: re-building of vignette outputs
Result: WARN
    Error(s) in re-building vignettes:
     ...
    --- re-building ‘ggpval.Rmd’ using knitr
    Quitting from lines 60-65 (ggpval.Rmd)
    Error: processing vignette 'ggpval.Rmd' failed with diagnostics:
    polygon edge not found
    --- failed re-building ‘ggpval.Rmd’
    
    SUMMARY: processing the following file failed:
     ‘ggpval.Rmd’
    
    Error: Vignette re-building failed.
    Execution halted
Flavor: r-release-macos-arm64