CRAN Package Check Results for Package ggmap

Last updated on 2021-06-21 07:48:44 CEST.

Flavor Version Tinstall Tcheck Ttotal Status Flags
r-devel-linux-x86_64-debian-clang 3.0.0 12.69 86.07 98.76 OK
r-devel-linux-x86_64-debian-gcc 3.0.0 10.55 63.52 74.07 OK
r-devel-linux-x86_64-fedora-clang 3.0.0 126.75 OK
r-devel-linux-x86_64-fedora-gcc 3.0.0 113.94 OK
r-devel-windows-x86_64 3.0.0 19.00 81.00 100.00 OK
r-devel-windows-x86_64-gcc10-UCRT 3.0.0 ERROR
r-patched-linux-x86_64 3.0.0 17.45 81.09 98.54 OK
r-patched-solaris-x86 3.0.0 160.80 NOTE
r-release-linux-x86_64 3.0.0 12.92 80.41 93.33 OK
r-release-macos-arm64 3.0.0 ERROR
r-release-macos-x86_64 3.0.0 OK
r-release-windows-ix86+x86_64 3.0.0 24.00 106.00 130.00 OK
r-oldrel-macos-x86_64 3.0.0 OK

Check Details

Version: 3.0.0
Check: package dependencies
Result: ERROR
    Package required but not available: 'httr'
    
    See section 'The DESCRIPTION file' in the 'Writing R Extensions'
    manual.
Flavor: r-devel-windows-x86_64-gcc10-UCRT

Version: 3.0.0
Check: installed package size
Result: NOTE
     installed size is 5.1Mb
     sub-directories of 1Mb or more:
     data 4.5Mb
Flavor: r-patched-solaris-x86

Version: 3.0.0
Check: tests
Result: ERROR
     Running ‘testthat.R’ [0s/0s]
    Running the tests in ‘tests/testthat.R’ failed.
    Complete output:
     > library(testthat)
     Error in library(testthat) : there is no package called 'testthat'
     Execution halted
Flavor: r-release-macos-arm64