CRAN Package Check Results for Package ggetho

Last updated on 2021-07-25 07:50:02 CEST.

Flavor Version Tinstall Tcheck Ttotal Status Flags
r-devel-linux-x86_64-debian-clang 0.3.6 6.09 169.28 175.37 NOTE
r-devel-linux-x86_64-debian-gcc 0.3.6 4.35 109.32 113.67 NOTE
r-devel-linux-x86_64-fedora-clang 0.3.6 186.14 NOTE
r-devel-linux-x86_64-fedora-gcc 0.3.6 157.47 NOTE
r-devel-windows-x86_64 0.3.6 9.00 120.00 129.00 NOTE
r-devel-windows-x86_64-gcc10-UCRT 0.3.6 NOTE
r-patched-linux-x86_64 0.3.6 8.14 133.93 142.07 NOTE
r-patched-solaris-x86 0.3.6 226.20 NOTE
r-release-linux-x86_64 0.3.6 5.14 133.11 138.25 NOTE
r-release-macos-arm64 0.3.6 NOTE
r-release-macos-x86_64 0.3.6 NOTE
r-release-windows-ix86+x86_64 0.3.6 14.00 111.00 125.00 NOTE
r-oldrel-macos-x86_64 0.3.6 OK
r-oldrel-windows-ix86+x86_64 0.3.6 18.00 144.00 162.00 OK

Check Details

Version: 0.3.6
Check: LazyData
Result: NOTE
     'LazyData' is specified without a 'data' directory
Flavors: r-devel-linux-x86_64-debian-clang, r-devel-linux-x86_64-debian-gcc, r-devel-linux-x86_64-fedora-clang, r-devel-linux-x86_64-fedora-gcc, r-devel-windows-x86_64, r-devel-windows-x86_64-gcc10-UCRT, r-patched-linux-x86_64, r-patched-solaris-x86, r-release-linux-x86_64, r-release-macos-arm64, r-release-macos-x86_64, r-release-windows-ix86+x86_64