CRAN Package Check Results for Package ggcharts

Last updated on 2021-06-14 07:48:37 CEST.

Flavor Version Tinstall Tcheck Ttotal Status Flags
r-devel-linux-x86_64-debian-clang 0.2.1 5.12 94.81 99.93 OK
r-devel-linux-x86_64-debian-gcc 0.2.1 4.45 68.91 73.36 OK
r-devel-linux-x86_64-fedora-clang 0.2.1 124.01 OK
r-devel-linux-x86_64-fedora-gcc 0.2.1 115.06 OK
r-devel-windows-x86_64 0.2.1 11.00 119.00 130.00 OK
r-devel-windows-x86_64-gcc10-UCRT 0.2.1 ERROR
r-patched-linux-x86_64 0.2.1 5.44 87.21 92.65 OK
r-patched-solaris-x86 0.2.1 152.00 OK
r-release-linux-x86_64 0.2.1 5.06 88.13 93.19 OK
r-release-macos-arm64 0.2.1 OK
r-release-macos-x86_64 0.2.1 OK
r-release-windows-ix86+x86_64 0.2.1 21.00 134.00 155.00 OK
r-oldrel-macos-x86_64 0.2.1 OK
r-oldrel-windows-ix86+x86_64 0.2.1 23.00 122.00 145.00 OK

Check Details

Version: 0.2.1
Check: package dependencies
Result: NOTE
    Package suggested but not available for checking: 'vdiffr'
Flavor: r-devel-windows-x86_64-gcc10-UCRT

Version: 0.2.1
Check: tests
Result: ERROR
     Running 'testthat.R'
    Running the tests in 'tests/testthat.R' failed.
    Last 13 lines of output:
     >
     > test_check("ggcharts")
     == Failed tests ================================================================
     -- Error (test-bar_chart.R:8:1): (code run outside of `test_that()`) -----------
     Error: there is no package called 'vdiffr'
     Backtrace:
     x
     1. \-base::loadNamespace(x) test-bar_chart.R:8:0
     2. \-base::withRestarts(stop(cond), retry_loadNamespace = function() NULL)
     3. \-base:::withOneRestart(expr, restarts[[1L]])
     4. \-base:::doWithOneRestart(return(expr), restart)
    
     [ FAIL 1 | WARN 0 | SKIP 0 | PASS 4 ]
     Error: Test failures
     Execution halted
Flavor: r-devel-windows-x86_64-gcc10-UCRT