CRAN Package Check Results for Package ggVennDiagram

Last updated on 2022-01-26 07:52:45 CET.

Flavor Version Tinstall Tcheck Ttotal Status Flags
r-devel-linux-x86_64-debian-clang 1.2.0 8.23 117.40 125.63 OK
r-devel-linux-x86_64-debian-gcc 1.2.0 5.97 87.54 93.51 OK
r-devel-linux-x86_64-fedora-clang 1.2.0 159.75 NOTE
r-devel-linux-x86_64-fedora-gcc 1.2.0 132.70 OK
r-devel-windows-x86_64-new-UL 1.2.0 203.00 162.00 365.00 NOTE
r-devel-windows-x86_64-new-TK 1.2.0 OK
r-patched-linux-x86_64 1.2.0 6.74 114.48 121.22 OK
r-release-linux-x86_64 1.2.0 4.54 113.39 117.93 OK
r-release-macos-arm64 1.2.0 NOTE
r-release-macos-x86_64 1.2.0 NOTE
r-release-windows-ix86+x86_64 1.2.0 16.00 143.00 159.00 NOTE
r-oldrel-macos-x86_64 1.2.0 NOTE
r-oldrel-windows-ix86+x86_64 1.2.0 17.00 148.00 165.00 NOTE

Check Details

Version: 1.2.0
Check: installed package size
Result: NOTE
     installed size is 10.7Mb
     sub-directories of 1Mb or more:
     doc 10.2Mb
Flavors: r-devel-linux-x86_64-fedora-clang, r-devel-windows-x86_64-new-UL, r-release-macos-arm64, r-release-macos-x86_64, r-release-windows-ix86+x86_64, r-oldrel-macos-x86_64, r-oldrel-windows-ix86+x86_64