CRAN Package Check Results for Package ggPMX

Last updated on 2021-10-27 07:56:08 CEST.

Flavor Version Tinstall Tcheck Ttotal Status Flags
r-devel-linux-x86_64-debian-clang 1.2.4 15.81 365.81 381.62 OK
r-devel-linux-x86_64-debian-gcc 1.2.4 12.02 262.31 274.33 OK
r-devel-linux-x86_64-fedora-clang 1.2.4 405.90 NOTE
r-devel-linux-x86_64-fedora-gcc 1.2.4 377.49 OK
r-devel-windows-x86_64 1.2.4 26.00 364.00 390.00 NOTE
r-devel-windows-x86_64-gcc10-UCRT 1.2.4 OK
r-patched-linux-x86_64 1.2.4 17.73 313.02 330.75 OK
r-patched-solaris-x86 1.2.4 323.40 NOTE
r-release-linux-x86_64 1.2.4 12.80 311.73 324.53 OK
r-release-macos-arm64 1.2.4 NOTE
r-release-macos-x86_64 1.2.4 NOTE
r-release-windows-ix86+x86_64 1.2.4 25.00 346.00 371.00 NOTE
r-oldrel-macos-x86_64 1.2.4 NOTE
r-oldrel-windows-ix86+x86_64 1.2.4 33.00 342.00 375.00 NOTE

Check Details

Version: 1.2.4
Check: installed package size
Result: NOTE
     installed size is 8.7Mb
     sub-directories of 1Mb or more:
     doc 1.1Mb
     help 2.1Mb
     testdata 4.8Mb
Flavors: r-devel-linux-x86_64-fedora-clang, r-devel-windows-x86_64, r-patched-solaris-x86, r-release-macos-arm64, r-release-macos-x86_64, r-release-windows-ix86+x86_64, r-oldrel-macos-x86_64, r-oldrel-windows-ix86+x86_64

Version: 1.2.4
Check: package dependencies
Result: NOTE
    Package suggested but not available for checking: ‘nlmixr’
Flavor: r-release-macos-arm64