CRAN Package Check Results for Package ggDCA

Last updated on 2021-06-12 08:50:04 CEST.

Flavor Version Tinstall Tcheck Ttotal Status Flags
r-devel-linux-x86_64-debian-clang 1.1 14.19 117.03 131.22 OK
r-devel-linux-x86_64-debian-gcc 1.1 10.67 87.54 98.21 OK
r-devel-linux-x86_64-fedora-clang 1.1 163.19 NOTE
r-devel-linux-x86_64-fedora-gcc 1.1 149.20 NOTE
r-devel-windows-x86_64 1.1 24.00 142.00 166.00 OK
r-devel-windows-x86_64-gcc10-UCRT 1.1 NOTE
r-patched-linux-x86_64 1.1 13.06 108.88 121.94 OK
r-patched-solaris-x86 1.1 224.60 NOTE
r-release-linux-x86_64 1.1 11.84 109.35 121.19 OK
r-release-macos-arm64 1.1 NOTE
r-release-macos-x86_64 1.1 NOTE
r-release-windows-ix86+x86_64 1.1 36.00 138.00 174.00 OK
r-oldrel-macos-x86_64 1.1 NOTE
r-oldrel-windows-ix86+x86_64 1.1 36.00 139.00 175.00 OK

Check Details

Version: 1.1
Check: dependencies in R code
Result: NOTE
    Namespaces in Imports field not imported from:
     ‘do’ ‘survival’
     All declared Imports should be used.
Flavors: r-devel-linux-x86_64-fedora-clang, r-devel-linux-x86_64-fedora-gcc, r-devel-windows-x86_64-gcc10-UCRT, r-patched-solaris-x86, r-release-macos-arm64, r-release-macos-x86_64, r-oldrel-macos-x86_64