CRAN Package Check Results for Package geogenr

Last updated on 2021-06-14 07:48:37 CEST.

Flavor Version Tinstall Tcheck Ttotal Status Flags
r-devel-linux-x86_64-debian-clang 1.0.0 18.98 91.01 109.99 OK
r-devel-linux-x86_64-debian-gcc 1.0.0 16.45 71.77 88.22 OK
r-devel-linux-x86_64-fedora-clang 1.0.0 153.40 NOTE
r-devel-linux-x86_64-fedora-gcc 1.0.0 138.67 NOTE
r-devel-windows-x86_64 1.0.0 44.00 129.00 173.00 OK
r-devel-windows-x86_64-gcc10-UCRT 1.0.0 ERROR
r-patched-linux-x86_64 1.0.0 21.52 88.21 109.73 OK
r-patched-solaris-x86 1.0.0 266.00 NOTE
r-release-linux-x86_64 1.0.0 22.03 89.78 111.81 OK
r-release-macos-arm64 1.0.0 NOTE
r-release-macos-x86_64 1.0.0 NOTE
r-release-windows-ix86+x86_64 1.0.0 46.00 120.00 166.00 OK
r-oldrel-macos-x86_64 1.0.0 NOTE
r-oldrel-windows-ix86+x86_64 1.0.0 44.00 127.00 171.00 OK

Check Details

Version: 1.0.0
Check: dependencies in R code
Result: NOTE
    Namespaces in Imports field not imported from:
     ‘generics’ ‘pander’ ‘purrr’ ‘readr’ ‘rlang’
     All declared Imports should be used.
Flavors: r-devel-linux-x86_64-fedora-clang, r-devel-linux-x86_64-fedora-gcc, r-patched-solaris-x86, r-release-macos-arm64, r-release-macos-x86_64, r-oldrel-macos-x86_64

Version: 1.0.0
Check: package dependencies
Result: ERROR
    Packages required but not available: 'sf', 'geomultistar'
    
    See section 'The DESCRIPTION file' in the 'Writing R Extensions'
    manual.
Flavor: r-devel-windows-x86_64-gcc10-UCRT