CRAN Package Check Results for Package geodimension

Last updated on 2021-06-14 07:48:37 CEST.

Flavor Version Tinstall Tcheck Ttotal Status Flags
r-devel-linux-x86_64-debian-clang 1.0.0 5.95 211.05 217.00 OK
r-devel-linux-x86_64-debian-gcc 1.0.0 5.29 157.92 163.21 OK
r-devel-linux-x86_64-fedora-clang 1.0.0 283.44 NOTE
r-devel-linux-x86_64-fedora-gcc 1.0.0 254.43 NOTE
r-devel-windows-x86_64 1.0.0 11.00 288.00 299.00 OK
r-devel-windows-x86_64-gcc10-UCRT 1.0.0 ERROR
r-patched-linux-x86_64 1.0.0 6.68 198.29 204.97 OK
r-patched-solaris-x86 1.0.0 261.20 NOTE
r-release-linux-x86_64 1.0.0 5.15 196.41 201.56 OK
r-release-macos-arm64 1.0.0 NOTE
r-release-macos-x86_64 1.0.0 NOTE
r-release-windows-ix86+x86_64 1.0.0 12.00 207.00 219.00 OK
r-oldrel-macos-x86_64 1.0.0 NOTE
r-oldrel-windows-ix86+x86_64 1.0.0 14.00 211.00 225.00 OK

Check Details

Version: 1.0.0
Check: dependencies in R code
Result: NOTE
    Namespaces in Imports field not imported from:
     ‘pander’ ‘readr’ ‘tidyr’
     All declared Imports should be used.
Flavors: r-devel-linux-x86_64-fedora-clang, r-devel-linux-x86_64-fedora-gcc, r-patched-solaris-x86, r-release-macos-arm64, r-release-macos-x86_64, r-oldrel-macos-x86_64

Version: 1.0.0
Check: data for non-ASCII characters
Result: NOTE
     Note: found 80 marked UTF-8 strings
Flavors: r-devel-linux-x86_64-fedora-clang, r-devel-linux-x86_64-fedora-gcc, r-patched-solaris-x86, r-release-macos-arm64, r-release-macos-x86_64, r-oldrel-macos-x86_64

Version: 1.0.0
Check: package dependencies
Result: ERROR
    Package required but not available: 'sf'
    
    See section 'The DESCRIPTION file' in the 'Writing R Extensions'
    manual.
Flavor: r-devel-windows-x86_64-gcc10-UCRT