CRAN Package Check Results for Package geodetector

Last updated on 2021-10-21 07:49:55 CEST.

Flavor Version Tinstall Tcheck Ttotal Status Flags
r-devel-linux-x86_64-debian-clang 1.0-4 4.10 39.98 44.08 OK
r-devel-linux-x86_64-debian-gcc 1.0-4 3.34 31.12 34.46 OK
r-devel-linux-x86_64-fedora-clang 1.0-4 63.69 NOTE
r-devel-linux-x86_64-fedora-gcc 1.0-4 52.46 NOTE
r-devel-windows-x86_64 1.0-4 7.00 66.00 73.00 OK
r-devel-windows-x86_64-gcc10-UCRT 1.0-4 NOTE
r-patched-linux-x86_64 1.0-4 4.23 38.59 42.82 OK
r-patched-solaris-x86 1.0-4 74.20 NOTE
r-release-linux-x86_64 1.0-4 4.13 38.31 42.44 OK
r-release-macos-arm64 1.0-4 NOTE
r-release-macos-x86_64 1.0-4 NOTE
r-release-windows-ix86+x86_64 1.0-4 7.00 60.00 67.00 OK
r-oldrel-macos-x86_64 1.0-4 NOTE
r-oldrel-windows-ix86+x86_64 1.0-4 9.00 63.00 72.00 OK

Check Details

Version: 1.0-4
Check: dependencies in R code
Result: NOTE
    Namespaces in Imports field not imported from:
     ‘maptools’ ‘rgdal’ ‘rgeos’
     All declared Imports should be used.
Flavors: r-devel-linux-x86_64-fedora-clang, r-devel-linux-x86_64-fedora-gcc, r-devel-windows-x86_64-gcc10-UCRT, r-patched-solaris-x86, r-release-macos-arm64, r-release-macos-x86_64, r-oldrel-macos-x86_64