CRAN Package Check Results for Package geniusr

Last updated on 2022-01-26 07:52:45 CET.

Flavor Version Tinstall Tcheck Ttotal Status Flags
r-devel-linux-x86_64-debian-clang 1.2.0 5.13 63.27 68.40 NOTE
r-devel-linux-x86_64-debian-gcc 1.2.0 3.65 47.26 50.91 NOTE
r-devel-linux-x86_64-fedora-clang 1.2.0 82.71 NOTE
r-devel-linux-x86_64-fedora-gcc 1.2.0 68.93 NOTE
r-devel-windows-x86_64-new-UL 1.2.0 69.00 91.00 160.00 NOTE
r-devel-windows-x86_64-new-TK 1.2.0 NOTE
r-patched-linux-x86_64 1.2.0 4.97 55.87 60.84 NOTE
r-release-linux-x86_64 1.2.0 3.86 56.09 59.95 NOTE
r-release-macos-arm64 1.2.0 NOTE
r-release-macos-x86_64 1.2.0 NOTE
r-release-windows-ix86+x86_64 1.2.0 14.00 72.00 86.00 NOTE
r-oldrel-macos-x86_64 1.2.0 OK
r-oldrel-windows-ix86+x86_64 1.2.0 14.00 75.00 89.00 OK

Check Details

Version: 1.2.0
Check: LazyData
Result: NOTE
     'LazyData' is specified without a 'data' directory
Flavors: r-devel-linux-x86_64-debian-clang, r-devel-linux-x86_64-debian-gcc, r-devel-linux-x86_64-fedora-clang, r-devel-linux-x86_64-fedora-gcc, r-devel-windows-x86_64-new-UL, r-devel-windows-x86_64-new-TK, r-patched-linux-x86_64, r-release-linux-x86_64, r-release-macos-arm64, r-release-macos-x86_64, r-release-windows-ix86+x86_64