CRAN Package Check Results for Package gee

Last updated on 2021-09-16 07:49:55 CEST.

Flavor Version Tinstall Tcheck Ttotal Status Flags
r-devel-linux-x86_64-debian-clang 4.13-20 9.97 24.56 34.53 NOTE
r-devel-linux-x86_64-debian-gcc 4.13-20 3.35 19.26 22.61 NOTE
r-devel-linux-x86_64-fedora-clang 4.13-20 54.94 NOTE
r-devel-linux-x86_64-fedora-gcc 4.13-20 34.22 NOTE
r-devel-windows-x86_64 4.13-20 6.00 42.00 48.00 OK
r-devel-windows-x86_64-gcc10-UCRT 4.13-20 OK
r-patched-linux-x86_64 4.13-20 3.61 24.42 28.03 NOTE
r-patched-solaris-x86 4.13-20 52.60 OK
r-release-linux-x86_64 4.13-20 4.03 24.68 28.71 NOTE
r-release-macos-arm64 4.13-20 OK
r-release-macos-x86_64 4.13-20 OK
r-release-windows-ix86+x86_64 4.13-20 12.00 38.00 50.00 OK
r-oldrel-macos-x86_64 4.13-20 OK
r-oldrel-windows-ix86+x86_64 4.13-20 10.00 49.00 59.00 OK

Check Details

Version: 4.13-20
Check: top-level files
Result: NOTE
    Non-standard files/directories found at top level:
     'README.too' 'blurb'
Flavors: r-devel-linux-x86_64-debian-clang, r-devel-linux-x86_64-debian-gcc, r-devel-linux-x86_64-fedora-clang, r-devel-linux-x86_64-fedora-gcc, r-patched-linux-x86_64, r-release-linux-x86_64