CRAN Package Check Results for Package gdxdt

Last updated on 2021-07-24 07:49:25 CEST.

Flavor Version Tinstall Tcheck Ttotal Status Flags
r-devel-linux-x86_64-debian-clang 0.1.0 2.23 28.93 31.16 NOTE
r-devel-linux-x86_64-debian-gcc 0.1.0 1.77 22.49 24.26 NOTE
r-devel-linux-x86_64-fedora-clang 0.1.0 48.91 NOTE
r-devel-linux-x86_64-fedora-gcc 0.1.0 36.05 NOTE
r-devel-windows-x86_64 0.1.0 4.00 36.00 40.00 NOTE
r-devel-windows-x86_64-gcc10-UCRT 0.1.0 NOTE
r-patched-linux-x86_64 0.1.0 2.32 27.77 30.09 NOTE
r-patched-solaris-x86 0.1.0 54.90 NOTE
r-release-linux-x86_64 0.1.0 2.41 27.63 30.04 NOTE
r-release-macos-arm64 0.1.0 NOTE
r-release-macos-x86_64 0.1.0 NOTE
r-release-windows-ix86+x86_64 0.1.0 5.00 33.00 38.00 NOTE
r-oldrel-macos-x86_64 0.1.0 NOTE
r-oldrel-windows-ix86+x86_64 0.1.0 15.00 45.00 60.00 NOTE

Check Details

Version: 0.1.0
Check: package dependencies
Result: NOTE
    Package suggested but not available for checking: 'gdxrrw'
Flavors: r-devel-linux-x86_64-debian-clang, r-devel-linux-x86_64-debian-gcc, r-devel-linux-x86_64-fedora-clang, r-devel-linux-x86_64-fedora-gcc, r-devel-windows-x86_64, r-devel-windows-x86_64-gcc10-UCRT, r-patched-linux-x86_64, r-patched-solaris-x86, r-release-linux-x86_64, r-release-macos-arm64, r-release-macos-x86_64, r-release-windows-ix86+x86_64, r-oldrel-macos-x86_64, r-oldrel-windows-ix86+x86_64

Version: 0.1.0
Check: LazyData
Result: NOTE
     'LazyData' is specified without a 'data' directory
Flavors: r-devel-linux-x86_64-debian-clang, r-devel-linux-x86_64-debian-gcc, r-devel-linux-x86_64-fedora-clang, r-devel-linux-x86_64-fedora-gcc, r-devel-windows-x86_64, r-devel-windows-x86_64-gcc10-UCRT, r-patched-linux-x86_64, r-patched-solaris-x86, r-release-linux-x86_64, r-release-macos-arm64, r-release-macos-x86_64, r-release-windows-ix86+x86_64