CRAN Package Check Results for Package gastempt

Last updated on 2021-07-30 07:50:11 CEST.

Flavor Version Tinstall Tcheck Ttotal Status Flags
r-devel-linux-x86_64-debian-clang 0.5.4 NOTE
r-devel-linux-x86_64-debian-gcc 0.5.4 394.62 124.46 519.08 NOTE
r-devel-linux-x86_64-fedora-clang 0.5.4 848.17 NOTE
r-devel-linux-x86_64-fedora-gcc 0.5.4 908.32 NOTE
r-devel-windows-x86_64 0.5.4 397.00 203.00 600.00 NOTE
r-devel-windows-x86_64-gcc10-UCRT 0.5.4 NOTE
r-patched-linux-x86_64 0.5.4 NOTE
r-patched-solaris-x86 0.5.4 751.90 NOTE
r-release-linux-x86_64 0.5.4 421.75 157.05 578.80 NOTE
r-release-macos-arm64 0.5.4 NOTE
r-release-macos-x86_64 0.5.4 NOTE
r-release-windows-ix86+x86_64 0.5.4 1003.00 320.00 1323.00 NOTE
r-oldrel-macos-x86_64 0.5.4 NOTE
r-oldrel-windows-ix86+x86_64 0.5.4 766.00 335.00 1101.00 NOTE

Check Details

Version: 0.5.4
Check: LazyData
Result: NOTE
     'LazyData' is specified without a 'data' directory
Flavors: r-devel-linux-x86_64-debian-clang, r-devel-linux-x86_64-debian-gcc, r-devel-linux-x86_64-fedora-clang, r-devel-linux-x86_64-fedora-gcc, r-devel-windows-x86_64, r-devel-windows-x86_64-gcc10-UCRT, r-patched-linux-x86_64, r-patched-solaris-x86, r-release-linux-x86_64, r-release-macos-arm64, r-release-macos-x86_64, r-release-windows-ix86+x86_64

Version: 0.5.4
Check: for GNU extensions in Makefiles
Result: NOTE
    GNU make is a SystemRequirements.
Flavors: r-devel-linux-x86_64-debian-clang, r-devel-linux-x86_64-debian-gcc, r-devel-linux-x86_64-fedora-clang, r-devel-linux-x86_64-fedora-gcc, r-devel-windows-x86_64, r-devel-windows-x86_64-gcc10-UCRT, r-patched-linux-x86_64, r-patched-solaris-x86, r-release-linux-x86_64, r-release-macos-arm64, r-release-macos-x86_64, r-release-windows-ix86+x86_64, r-oldrel-macos-x86_64, r-oldrel-windows-ix86+x86_64

Version: 0.5.4
Check: installed package size
Result: NOTE
     installed size is 73.2Mb
     sub-directories of 1Mb or more:
     libs 72.7Mb
Flavors: r-devel-linux-x86_64-fedora-clang, r-release-macos-arm64, r-release-macos-x86_64, r-release-windows-ix86+x86_64, r-oldrel-macos-x86_64, r-oldrel-windows-ix86+x86_64