CRAN Package Check Results for Package gamlss.inf

Last updated on 2021-05-08 07:48:08 CEST.

Flavor Version Tinstall Tcheck Ttotal Status Flags
r-devel-linux-x86_64-debian-clang 1.0-1 11.67 101.94 113.61 OK
r-devel-linux-x86_64-debian-gcc 1.0-1 9.69 76.61 86.30 OK
r-devel-linux-x86_64-fedora-clang 1.0-1 144.52 OK
r-devel-linux-x86_64-fedora-gcc 1.0-1 134.21 OK
r-devel-windows-ix86+x86_64 1.0-1 18.00 15.00 33.00 ERROR --no-vignettes
r-devel-windows-x86_64-gcc10-UCRT 1.0-1 OK
r-patched-linux-x86_64 1.0-1 15.73 98.92 114.65 OK
r-patched-solaris-x86 1.0-1 193.30 OK
r-release-linux-x86_64 1.0-1 10.82 94.23 105.05 OK
r-release-macos-x86_64 1.0-1 OK
r-release-windows-ix86+x86_64 1.0-1 20.00 89.00 109.00 OK --no-vignettes
r-oldrel-macos-x86_64 1.0-1 OK
r-oldrel-windows-ix86+x86_64 1.0-1 21.00 89.00 110.00 OK --no-vignettes

Check Details

Version: 1.0-1
Flags: --no-vignettes
Check: whether package can be installed
Result: ERROR
    
    See
Flavor: r-devel-windows-ix86+x86_64