CRAN Package Check Results for Package gamlss

Last updated on 2021-09-21 07:50:08 CEST.

Flavor Version Tinstall Tcheck Ttotal Status Flags
r-devel-linux-x86_64-debian-clang 5.3-4 33.79 213.01 246.80 OK
r-devel-linux-x86_64-debian-gcc 5.3-4 25.40 155.20 180.60 OK
r-devel-linux-x86_64-fedora-clang 5.3-4 297.13 OK
r-devel-linux-x86_64-fedora-gcc 5.3-4 288.90 OK
r-devel-windows-x86_64 5.3-4 32.00 174.00 206.00 OK
r-devel-windows-x86_64-gcc10-UCRT 5.3-4 ERROR
r-patched-linux-x86_64 5.3-4 27.42 201.29 228.71 OK
r-patched-solaris-x86 5.3-4 342.40 OK
r-release-linux-x86_64 5.3-4 28.53 203.56 232.09 OK
r-release-macos-arm64 5.3-4 OK
r-release-macos-x86_64 5.3-4 OK
r-release-windows-ix86+x86_64 5.3-4 53.00 240.00 293.00 OK
r-oldrel-macos-x86_64 5.3-4 OK
r-oldrel-windows-ix86+x86_64 5.3-4 52.00 326.00 378.00 OK

Check Details

Version: 5.3-4
Check: whether package can be installed
Result: ERROR
    Installation failed.
Flavor: r-devel-windows-x86_64-gcc10-UCRT