CRAN Package Check Results for Package gamlss.dist

Last updated on 2021-09-16 07:49:55 CEST.

Flavor Version Tinstall Tcheck Ttotal Status Flags
r-devel-linux-x86_64-debian-clang 5.3-2 56.36 239.27 295.63 OK
r-devel-linux-x86_64-debian-gcc 5.3-2 43.56 168.02 211.58 OK
r-devel-linux-x86_64-fedora-clang 5.3-2 362.11 NOTE
r-devel-linux-x86_64-fedora-gcc 5.3-2 347.21 OK
r-devel-windows-x86_64 5.3-2 74.00 229.00 303.00 OK
r-devel-windows-x86_64-gcc10-UCRT 5.3-2 OK
r-patched-linux-x86_64 5.3-2 56.00 223.58 279.58 OK
r-patched-solaris-x86 5.3-2 344.50 OK
r-release-linux-x86_64 5.3-2 50.56 227.16 277.72 OK
r-release-macos-arm64 5.3-2 OK
r-release-macos-x86_64 5.3-2 OK
r-release-windows-ix86+x86_64 5.3-2 98.00 189.00 287.00 OK
r-oldrel-macos-x86_64 5.3-2 OK
r-oldrel-windows-ix86+x86_64 5.3-2 81.00 245.00 326.00 OK

Check Details

Version: 5.3-2
Check: Rd cross-references
Result: NOTE
    Undeclared package ‘gamlss’ in Rd xrefs
Flavor: r-devel-linux-x86_64-fedora-clang