CRAN Package Check Results for Package gamlss.dist

Last updated on 2021-12-05 07:49:11 CET.

Flavor Version Tinstall Tcheck Ttotal Status Flags
r-devel-linux-x86_64-debian-clang 6.0-1 55.31 246.34 301.65 OK
r-devel-linux-x86_64-debian-gcc 6.0-1 41.96 179.20 221.16 OK
r-devel-linux-x86_64-fedora-clang 6.0-1 383.86 NOTE
r-devel-linux-x86_64-fedora-gcc 6.0-1 353.20 OK
r-devel-windows-x86_64-new-UL 6.0-1 100.00 251.00 351.00 OK
r-devel-windows-x86_64-new-TK 6.0-1 OK
r-devel-windows-x86_64-old 6.0-1 91.00 174.00 265.00 OK
r-patched-linux-x86_64 6.0-1 56.93 230.05 286.98 OK
r-release-linux-x86_64 6.0-1 53.91 238.04 291.95 OK
r-release-macos-arm64 6.0-1 OK
r-release-macos-x86_64 6.0-1 OK
r-release-windows-ix86+x86_64 6.0-1 103.00 266.00 369.00 OK
r-oldrel-macos-x86_64 6.0-1 OK
r-oldrel-windows-ix86+x86_64 6.0-1 92.00 252.00 344.00 OK

Check Details

Version: 6.0-1
Check: Rd cross-references
Result: NOTE
    Undeclared package ‘gamlss’ in Rd xrefs
Flavor: r-devel-linux-x86_64-fedora-clang